CRAN Package Check Results for Package aweSOM

Last updated on 2023-12-04 16:53:20 CET.

Flavor Version Tinstall Tcheck Ttotal Status Flags
r-devel-linux-x86_64-debian-clang 1.3 6.18 58.89 65.07 OK
r-devel-linux-x86_64-debian-gcc 1.3 4.41 44.95 49.36 OK
r-devel-linux-x86_64-fedora-clang 1.3 81.67 NOTE
r-devel-linux-x86_64-fedora-gcc 1.3 91.30 NOTE
r-devel-windows-x86_64 1.3 6.00 65.00 71.00 OK
r-patched-linux-x86_64 1.3 4.11 56.65 60.76 OK
r-release-linux-x86_64 1.3 3.67 56.07 59.74 OK
r-release-macos-arm64 1.3 33.00 OK
r-release-macos-x86_64 1.3 65.00 OK
r-release-windows-x86_64 1.3 9.00 81.00 90.00 OK
r-oldrel-macos-arm64 1.3 29.00 NOTE
r-oldrel-macos-x86_64 1.3 42.00 NOTE
r-oldrel-windows-x86_64 1.3 9.00 82.00 91.00 OK

Check Details

Version: 1.3
Check: dependencies in R code
Result: NOTE Namespaces in Imports field not imported from: ‘DT’ ‘bslib’ ‘rclipboard’ ‘rmarkdown’ All declared Imports should be used. Flavors: r-devel-linux-x86_64-fedora-clang, r-devel-linux-x86_64-fedora-gcc, r-oldrel-macos-arm64, r-oldrel-macos-x86_64