CRAN Package Check Results for Package av

Last updated on 2020-08-09 15:47:36 CEST.

Flavor Version Tinstall Tcheck Ttotal Status Flags
r-devel-linux-x86_64-debian-clang 0.5.0 5.15 66.93 72.08 OK
r-devel-linux-x86_64-debian-gcc 0.5.0 3.65 50.61 54.26 OK
r-devel-linux-x86_64-fedora-clang 0.5.0 92.58 OK
r-devel-linux-x86_64-fedora-gcc 0.5.0 83.69 OK
r-devel-windows-ix86+x86_64 0.5.0 66.00 317.00 383.00 NOTE
r-patched-linux-x86_64 0.5.0 4.51 65.50 70.01 OK
r-release-linux-x86_64 0.5.0 4.47 66.38 70.85 OK
r-release-macos-x86_64 0.5.0 NOTE
r-release-windows-ix86+x86_64 0.5.0 63.00 327.00 390.00 NOTE
r-oldrel-macos-x86_64 0.5.0 NOTE
r-oldrel-windows-ix86+x86_64 0.5.0 49.00 279.00 328.00 NOTE

Check Details

Version: 0.5.0
Check: installed package size
Result: NOTE
     installed size is 56.6Mb
     sub-directories of 1Mb or more:
     libs 55.8Mb
Flavors: r-devel-windows-ix86+x86_64, r-release-macos-x86_64, r-release-windows-ix86+x86_64, r-oldrel-macos-x86_64, r-oldrel-windows-ix86+x86_64