CRAN Package Check Results for Package automultinomial

Last updated on 2020-08-13 15:50:53 CEST.

Flavor Version Tinstall Tcheck Ttotal Status Flags
r-devel-linux-x86_64-debian-clang 2.0.0 3.03 56.91 59.94 OK
r-devel-linux-x86_64-debian-gcc 2.0.0 2.43 40.96 43.39 OK
r-devel-linux-x86_64-fedora-clang 2.0.0 77.39 NOTE
r-devel-linux-x86_64-fedora-gcc 2.0.0 68.59 NOTE
r-devel-windows-ix86+x86_64 2.0.0 11.00 70.00 81.00 OK
r-patched-linux-x86_64 2.0.0 3.04 54.25 57.29 OK
r-patched-solaris-x86 2.0.0 93.30 NOTE
r-release-linux-x86_64 2.0.0 3.04 54.27 57.31 OK
r-release-macos-x86_64 2.0.0 NOTE
r-release-windows-ix86+x86_64 2.0.0 9.00 95.00 104.00 OK
r-oldrel-macos-x86_64 2.0.0 NOTE
r-oldrel-windows-ix86+x86_64 2.0.0 5.00 65.00 70.00 OK

Check Details

Version: 2.0.0
Check: dependencies in R code
Result: NOTE
    Namespace in Imports field not imported from: ‘igraph’
     All declared Imports should be used.
Flavors: r-devel-linux-x86_64-fedora-clang, r-devel-linux-x86_64-fedora-gcc, r-patched-solaris-x86, r-release-macos-x86_64, r-oldrel-macos-x86_64