CRAN Package Check Results for Package autokeras

Last updated on 2020-08-11 15:48:26 CEST.

Flavor Version Tinstall Tcheck Ttotal Status Flags
r-devel-linux-x86_64-debian-clang 1.0.1 8.15 67.27 75.42 OK
r-devel-linux-x86_64-debian-gcc 1.0.1 6.62 51.91 58.53 OK
r-devel-linux-x86_64-fedora-clang 1.0.1 100.92 NOTE
r-devel-linux-x86_64-fedora-gcc 1.0.1 91.85 OK
r-devel-windows-ix86+x86_64 1.0.1 17.00 105.00 122.00 OK
r-patched-linux-x86_64 1.0.1 7.54 66.22 73.76 OK
r-patched-solaris-x86 1.0.1 132.50 OK
r-release-linux-x86_64 1.0.1 7.21 65.73 72.94 OK
r-release-macos-x86_64 1.0.1 OK
r-release-windows-ix86+x86_64 1.0.1 26.00 109.00 135.00 OK
r-oldrel-macos-x86_64 1.0.1 OK
r-oldrel-windows-ix86+x86_64 1.0.1 13.00 101.00 114.00 OK

Check Details

Version: 1.0.1
Check: Rd cross-references
Result: NOTE
    Undeclared package ‘tensorflow’ in Rd xrefs
Flavor: r-devel-linux-x86_64-fedora-clang