Last updated on 2023-11-30 16:49:16 CET.
Flavor | Version | Tinstall | Tcheck | Ttotal | Status | Flags |
---|---|---|---|---|---|---|
r-devel-linux-x86_64-debian-clang | 1.3.5 | 11.05 | 253.59 | 264.64 | OK | |
r-devel-linux-x86_64-debian-gcc | 1.3.5 | 8.00 | 192.38 | 200.38 | OK | |
r-devel-linux-x86_64-fedora-clang | 1.3.5 | 339.81 | NOTE | |||
r-devel-linux-x86_64-fedora-gcc | 1.3.5 | 330.81 | OK | |||
r-devel-windows-x86_64 | 1.3.5 | 11.00 | 244.00 | 255.00 | OK | |
r-patched-linux-x86_64 | 1.3.5 | 10.96 | 240.47 | 251.43 | OK | |
r-release-linux-x86_64 | 1.3.5 | 7.73 | 240.80 | 248.53 | OK | |
r-release-macos-arm64 | 1.3.5 | 117.00 | OK | |||
r-release-macos-x86_64 | 1.3.5 | 264.00 | OK | |||
r-release-windows-x86_64 | 1.3.5 | 14.00 | 328.00 | 342.00 | OK | |
r-oldrel-macos-arm64 | 1.3.5 | 120.00 | OK | |||
r-oldrel-macos-x86_64 | 1.3.3 | 164.00 | OK | |||
r-oldrel-windows-x86_64 | 1.3.5 | 15.00 | 285.00 | 300.00 | OK |
Version: 1.3.5
Check: Rd cross-references
Result: NOTE
Undeclared package ‘gtable’ in Rd xrefs
Flavor: r-devel-linux-x86_64-fedora-clang