CRAN Package Check Results for Package auctestr

Last updated on 2024-02-27 16:49:10 CET.

Flavor Version Tinstall Tcheck Ttotal Status Flags
r-devel-linux-x86_64-debian-clang 1.0.0 4.64 46.58 51.22 OK
r-devel-linux-x86_64-debian-gcc 1.0.0 3.60 36.05 39.65 OK
r-devel-linux-x86_64-fedora-clang 1.0.0 68.16 NOTE
r-devel-linux-x86_64-fedora-gcc 1.0.0 72.58 NOTE
r-devel-windows-x86_64 1.0.0 5.00 57.00 62.00 OK
r-patched-linux-x86_64 1.0.0 4.46 46.02 50.48 OK
r-release-linux-x86_64 1.0.0 4.20 45.18 49.38 OK
r-release-macos-arm64 1.0.0 29.00 OK
r-release-macos-x86_64 1.0.0 46.00 OK
r-release-windows-x86_64 1.0.0 6.00 61.00 67.00 OK
r-oldrel-macos-arm64 1.0.0 25.00 NOTE
r-oldrel-windows-x86_64 1.0.0 7.00 66.00 73.00 OK

Check Details

Version: 1.0.0
Check: dependencies in R code
Result: NOTE Namespace in Imports field not imported from: ‘tidyr’ All declared Imports should be used. Flavors: r-devel-linux-x86_64-fedora-clang, r-devel-linux-x86_64-fedora-gcc, r-oldrel-macos-arm64