Last updated on 2023-12-03 16:51:20 CET.
Flavor | Version | Tinstall | Tcheck | Ttotal | Status | Flags |
---|---|---|---|---|---|---|
r-devel-linux-x86_64-debian-clang | 2021.1.2 | 3.70 | 182.47 | 186.17 | OK | |
r-devel-linux-x86_64-debian-gcc | 2021.1.2 | 3.00 | 165.00 | 168.00 | OK | |
r-devel-linux-x86_64-fedora-clang | 2021.1.2 | 237.48 | NOTE | |||
r-devel-linux-x86_64-fedora-gcc | 2021.1.2 | 254.15 | NOTE | |||
r-devel-windows-x86_64 | 2021.1.2 | 4.00 | 166.00 | 170.00 | OK | |
r-patched-linux-x86_64 | 2021.1.2 | 3.74 | 207.86 | 211.60 | OK | |
r-release-linux-x86_64 | 2021.1.2 | 2.23 | 206.87 | 209.10 | OK | |
r-release-macos-arm64 | 2021.1.2 | 100.00 | OK | |||
r-release-macos-x86_64 | 2021.1.2 | 150.00 | OK | |||
r-release-windows-x86_64 | 2021.1.2 | 6.00 | 210.00 | 216.00 | ERROR | |
r-oldrel-macos-arm64 | 2021.1.2 | 78.00 | NOTE | |||
r-oldrel-macos-x86_64 | 2021.1.2 | 130.00 | NOTE | |||
r-oldrel-windows-x86_64 | 2021.1.2 | 6.00 | 217.00 | 223.00 | OK |
Version: 2021.1.2
Check: dependencies in R code
Result: NOTE
Namespaces in Imports field not imported from:
‘dlnm’ ‘ggplot2’ ‘mvmeta’ ‘pbs’ ‘tsModel’
All declared Imports should be used.
Flavors: r-devel-linux-x86_64-fedora-clang, r-devel-linux-x86_64-fedora-gcc
Version: 2021.1.2
Check: tests
Result: ERROR
Running 'testthat.R' [91s]
Running the tests in 'tests/testthat.R' failed.
Complete output:
> library(testthat)
> library(attrib)
attrib 2021.1.2 https://folkehelseinstituttet.github.io/attrib
>
> test_check("attrib")
|
| | 0%
|
|=================================== | 50%
|
|======================================================================| 100%[ FAIL 2 | WARN 0 | SKIP 0 | PASS 6 ]
══ Failed tests ════════════════════════════════════════════════════════════════
── Failure ('test_fake.R:159:3'): simmulations ─────────────────────────────────
round(as.numeric(median(dif_obs), 0)) not equal to c(0).
1/1 mismatches
[1] -1 - 0 == -1
── Failure ('test_fake.R:167:3'): simmulations ─────────────────────────────────
round(as.numeric(median(dif), 0)) not equal to c(0).
1/1 mismatches
[1] -1 - 0 == -1
[ FAIL 2 | WARN 0 | SKIP 0 | PASS 6 ]
Error: Test failures
Execution halted
Flavor: r-release-windows-x86_64
Version: 2021.1.2
Check: dependencies in R code
Result: NOTE
Namespaces in Imports field not imported from:
‘dlnm’ ‘ggplot2’ ‘lubridate’ ‘mvmeta’ ‘pbs’ ‘tsModel’
All declared Imports should be used.
Flavors: r-oldrel-macos-arm64, r-oldrel-macos-x86_64