CRAN Package Check Results for Package asymmetry

Last updated on 2024-06-13 16:49:00 CEST.

Flavor Version Tinstall Tcheck Ttotal Status Flags
r-devel-linux-x86_64-debian-clang 2.0.4 15.32 149.19 164.51 OK
r-devel-linux-x86_64-debian-gcc 2.0.4 0.38 1.91 2.29 ERROR
r-devel-linux-x86_64-fedora-clang 2.0.4 210.85 OK
r-devel-linux-x86_64-fedora-gcc 2.0.4 208.88 OK
r-devel-windows-x86_64 2.0.4 16.00 121.00 137.00 OK
r-patched-linux-x86_64 2.0.4 15.65 143.86 159.51 OK
r-release-linux-x86_64 2.0.4 14.68 149.07 163.75 OK
r-release-macos-arm64 2.0.4 58.00 OK
r-release-macos-x86_64 2.0.4 94.00 OK
r-release-windows-x86_64 2.0.4 16.00 124.00 140.00 OK
r-oldrel-macos-arm64 2.0.4 70.00 OK
r-oldrel-macos-x86_64 2.0.4 107.00 OK
r-oldrel-windows-x86_64 2.0.4 20.00 156.00 176.00 OK

Check Details

Version: 2.0.4
Check: package dependencies
Result: ERROR Package required but not available: ‘smacof’ See section ‘The DESCRIPTION file’ in the ‘Writing R Extensions’ manual. Flavor: r-devel-linux-x86_64-debian-gcc