CRAN Package Check Results for Package assertive.base

Last updated on 2020-08-04 03:47:42 CEST.

Flavor Version Tinstall Tcheck Ttotal Status Flags
r-devel-linux-x86_64-debian-clang 0.0-7 2.92 27.63 30.55 OK
r-devel-linux-x86_64-debian-gcc 0.0-7 1.90 21.77 23.67 OK
r-devel-linux-x86_64-fedora-clang 0.0-7 46.88 NOTE
r-devel-linux-x86_64-fedora-gcc 0.0-7 35.56 OK
r-devel-windows-ix86+x86_64 0.0-7 8.00 42.00 50.00 OK
r-patched-linux-x86_64 0.0-7 2.89 27.58 30.47 OK
r-patched-solaris-x86 0.0-7 54.70 OK
r-release-linux-x86_64 0.0-7 2.91 27.32 30.23 OK
r-release-macos-x86_64 0.0-7 OK
r-release-windows-ix86+x86_64 0.0-7 14.00 54.00 68.00 OK
r-oldrel-macos-x86_64 0.0-7 OK
r-oldrel-windows-ix86+x86_64 0.0-7 6.00 50.00 56.00 OK

Check Details

Version: 0.0-7
Check: Rd cross-references
Result: NOTE
    Undeclared packages ‘assertive.properties’, ‘assertive.types’ in Rd xrefs
Flavor: r-devel-linux-x86_64-fedora-clang