Last updated on 2023-12-01 04:53:48 CET.
Flavor | Version | Tinstall | Tcheck | Ttotal | Status | Flags |
---|---|---|---|---|---|---|
r-devel-linux-x86_64-debian-clang | 4.4.21 | 34.30 | 304.69 | 338.99 | NOTE | |
r-devel-linux-x86_64-debian-gcc | 4.4.21 | 26.48 | 222.45 | 248.93 | NOTE | |
r-devel-linux-x86_64-fedora-clang | 4.4.21 | 434.91 | NOTE | |||
r-devel-linux-x86_64-fedora-gcc | 4.4.21 | 416.10 | NOTE | |||
r-devel-windows-x86_64 | 4.4.21 | 31.00 | 237.00 | 268.00 | NOTE | |
r-patched-linux-x86_64 | 4.4.21 | 45.66 | 290.68 | 336.34 | NOTE | |
r-release-linux-x86_64 | 4.4.21 | 26.51 | 286.89 | 313.40 | NOTE | |
r-release-macos-arm64 | 4.4.21 | 81.00 | NOTE | |||
r-release-macos-x86_64 | 4.4.21 | 120.00 | NOTE | |||
r-release-windows-x86_64 | 4.4.21 | 42.00 | 327.00 | 369.00 | NOTE | |
r-oldrel-macos-arm64 | 4.4.21 | 94.00 | NOTE | |||
r-oldrel-macos-x86_64 | 4.4.15 | 139.00 | NOTE | |||
r-oldrel-windows-x86_64 | 4.4.21 | 43.00 | 314.00 | 357.00 | NOTE |
Version: 4.4.21
Check: package dependencies
Result: NOTE
Package which this enhances but not available for checking: ‘asreml’
Flavors: r-devel-linux-x86_64-debian-clang, r-devel-linux-x86_64-debian-gcc, r-devel-linux-x86_64-fedora-clang, r-devel-linux-x86_64-fedora-gcc, r-devel-windows-x86_64, r-patched-linux-x86_64, r-release-linux-x86_64, r-release-macos-arm64, r-release-macos-x86_64, r-release-windows-x86_64, r-oldrel-macos-arm64, r-oldrel-windows-x86_64
Version: 4.4.15
Check: package dependencies
Result: NOTE
Package which this enhances but not available for checking: ‘asreml’
Flavor: r-oldrel-macos-x86_64