CRAN Package Check Results for Package asVPC

Last updated on 2020-10-25 15:48:40 CET.

Flavor Version Tinstall Tcheck Ttotal Status Flags
r-devel-linux-x86_64-debian-clang 1.0.2 5.29 51.08 56.37 NOTE
r-devel-linux-x86_64-debian-gcc 1.0.2 4.20 38.59 42.79 NOTE
r-devel-linux-x86_64-fedora-clang 1.0.2 76.68 NOTE
r-devel-linux-x86_64-fedora-gcc 1.0.2 65.08 NOTE
r-devel-windows-ix86+x86_64 1.0.2 13.00 72.00 85.00 NOTE
r-patched-linux-x86_64 1.0.2 5.09 47.07 52.16 NOTE
r-patched-solaris-x86 1.0.2 94.60 NOTE
r-release-linux-x86_64 1.0.2 5.11 46.08 51.19 NOTE
r-release-macos-x86_64 1.0.2 NOTE
r-release-windows-ix86+x86_64 1.0.2 11.00 54.00 65.00 NOTE
r-oldrel-macos-x86_64 1.0.2 NOTE
r-oldrel-windows-ix86+x86_64 1.0.2 11.00 71.00 82.00 NOTE

Check Details

Version: 1.0.2
Check: R code for possible problems
Result: NOTE
    VPC.graph : findQuantile: no visible global function definition for
     'quantile'
    VPC.graph : findQuantileCI : <anonymous>: no visible global function
     definition for 'quantile'
    asVPC.binW: no visible global function definition for 'median'
    asVPC.binW : <anonymous>: no visible global function definition for
     'quantile'
    asVPC.binW: no visible global function definition for 'quantile'
    asVPC.distanceW: no visible global function definition for 'median'
    asVPC.distanceW : <anonymous>: no visible global function definition
     for 'quantile'
    asVPC.distanceW: no visible global function definition for 'quantile'
    makeCOVbin: no visible global function definition for 'quantile'
    makeCOVbin: no visible global function definition for 'median'
    read_Simdata: no visible global function definition for 'read.table'
    Undefined global functions or variables:
     median quantile read.table
    Consider adding
     importFrom("stats", "median", "quantile")
     importFrom("utils", "read.table")
    to your NAMESPACE file.
Flavors: r-devel-linux-x86_64-debian-clang, r-devel-linux-x86_64-debian-gcc, r-devel-linux-x86_64-fedora-clang, r-devel-linux-x86_64-fedora-gcc, r-devel-windows-ix86+x86_64, r-patched-linux-x86_64, r-patched-solaris-x86, r-release-linux-x86_64, r-release-macos-x86_64, r-release-windows-ix86+x86_64, r-oldrel-macos-x86_64, r-oldrel-windows-ix86+x86_64