Last updated on 2023-09-28 05:56:41 CEST.
Flavor | Version | Tinstall | Tcheck | Ttotal | Status | Flags |
---|---|---|---|---|---|---|
r-devel-linux-x86_64-debian-clang | 1.13-1 | 16.08 | 113.29 | 129.37 | OK | |
r-devel-linux-x86_64-debian-gcc | 1.13-1 | 12.93 | 85.12 | 98.05 | OK | |
r-devel-linux-x86_64-fedora-clang | 1.13-1 | 157.13 | NOTE | |||
r-devel-linux-x86_64-fedora-gcc | 1.13-1 | 182.47 | OK | |||
r-devel-windows-x86_64 | 1.13-1 | 14.00 | 101.00 | 115.00 | OK | |
r-patched-linux-x86_64 | 1.13-1 | 17.12 | 111.05 | 128.17 | OK | |
r-release-linux-x86_64 | 1.13-1 | 9.63 | 111.03 | 120.66 | OK | |
r-release-macos-arm64 | 1.13-1 | 47.00 | OK | |||
r-release-macos-x86_64 | 1.13-1 | 81.00 | NOTE | |||
r-release-windows-x86_64 | 1.13-1 | 20.00 | 121.00 | 141.00 | OK | |
r-oldrel-macos-arm64 | 1.13-1 | 45.00 | OK | |||
r-oldrel-macos-x86_64 | 1.13-1 | 58.00 | OK | |||
r-oldrel-windows-x86_64 | 1.13-1 | 19.00 | 123.00 | 142.00 | OK |
Version: 1.13-1
Check: Rd cross-references
Result: NOTE
Undeclared packages ‘survey’, ‘Matching’ in Rd xrefs
Flavor: r-devel-linux-x86_64-fedora-clang
Version: 1.13-1
Check: Rd cross-references
Result: NOTE
Package unavailable to check Rd xrefs: ‘survey’
Flavor: r-release-macos-x86_64