CRAN Package Check Results for Package archetypal

Last updated on 2024-02-23 05:07:13 CET.

Flavor Version Tinstall Tcheck Ttotal Status Flags
r-devel-linux-x86_64-debian-clang 1.3.0 NOTE
r-devel-linux-x86_64-debian-gcc 1.3.0 11.54 160.63 172.17 NOTE
r-devel-linux-x86_64-fedora-clang 1.3.0 280.51 OK
r-devel-linux-x86_64-fedora-gcc 1.3.0 311.03 OK
r-devel-windows-x86_64 1.3.0 13.00 153.00 166.00 OK
r-patched-linux-x86_64 1.3.0 16.74 215.29 232.03 OK
r-release-linux-x86_64 1.3.0 14.50 210.36 224.86 OK
r-release-macos-arm64 1.3.0 86.00 OK
r-release-macos-x86_64 1.3.0 173.00 OK
r-release-windows-x86_64 1.3.0 18.00 199.00 217.00 OK
r-oldrel-macos-arm64 1.3.0 142.00 OK
r-oldrel-windows-x86_64 1.3.0 18.00 191.00 209.00 OK

Check Details

Version: 1.3.0
Check: Rd files
Result: NOTE checkRd: (-1) find_closer_points.Rd:41: Lost braces 41 | \item rows_closer_matrix, a matrix with ]code{npoints} rows which are closer to each archetype | ^ Flavors: r-devel-linux-x86_64-debian-clang, r-devel-linux-x86_64-debian-gcc