CRAN Package Check Results for Package aqp

Last updated on 2020-08-14 03:47:34 CEST.

Flavor Version Tinstall Tcheck Ttotal Status Flags
r-devel-linux-x86_64-debian-clang 1.19 12.90 137.90 150.80 OK
r-devel-linux-x86_64-debian-gcc 1.19 11.89 103.91 115.80 OK
r-devel-linux-x86_64-fedora-clang 1.19 184.73 NOTE
r-devel-linux-x86_64-fedora-gcc 1.19 179.44 NOTE
r-devel-windows-ix86+x86_64 1.19 28.00 149.00 177.00 OK
r-patched-linux-x86_64 1.19 13.67 135.65 149.32 OK
r-patched-solaris-x86 1.19 237.90 NOTE
r-release-linux-x86_64 1.19 12.87 135.57 148.44 OK
r-release-macos-x86_64 1.19 NOTE
r-release-windows-ix86+x86_64 1.19 31.00 214.00 245.00 OK
r-oldrel-macos-x86_64 1.19 NOTE
r-oldrel-windows-ix86+x86_64 1.19 19.00 143.00 162.00 OK

Check Details

Version: 1.19
Check: data for non-ASCII characters
Result: NOTE
     Note: found 1 marked Latin-1 string
Flavors: r-devel-linux-x86_64-fedora-clang, r-devel-linux-x86_64-fedora-gcc, r-patched-solaris-x86, r-release-macos-x86_64, r-oldrel-macos-x86_64