CRAN Package Check Results for Package apsimx

Last updated on 2020-09-20 03:47:19 CEST.

Flavor Version Tinstall Tcheck Ttotal Status Flags
r-devel-linux-x86_64-debian-clang 1.946 8.60 99.12 107.72 OK
r-devel-linux-x86_64-debian-gcc 1.946 7.54 77.38 84.92 OK
r-devel-linux-x86_64-fedora-clang 1.946 149.51 NOTE
r-devel-linux-x86_64-fedora-gcc 1.946 140.88 OK
r-devel-windows-ix86+x86_64 1.946 19.00 117.00 136.00 NOTE
r-patched-linux-x86_64 1.946 8.26 98.39 106.65 OK
r-patched-solaris-x86 1.946 183.80 NOTE
r-release-linux-x86_64 1.946 9.26 98.17 107.43 OK
r-release-macos-x86_64 1.946 NOTE
r-release-windows-ix86+x86_64 1.946 19.00 142.00 161.00 NOTE
r-oldrel-macos-x86_64 1.946 NOTE
r-oldrel-windows-ix86+x86_64 1.946 12.00 98.00 110.00 NOTE

Check Details

Version: 1.946
Check: installed package size
Result: NOTE
     installed size is 6.5Mb
     sub-directories of 1Mb or more:
     extdata 5.9Mb
Flavors: r-devel-linux-x86_64-fedora-clang, r-devel-windows-ix86+x86_64, r-patched-solaris-x86, r-release-macos-x86_64, r-release-windows-ix86+x86_64, r-oldrel-macos-x86_64, r-oldrel-windows-ix86+x86_64