CRAN Package Check Results for Package aplotExtra

Last updated on 2024-03-01 16:49:13 CET.

Flavor Version Tinstall Tcheck Ttotal Status Flags
r-devel-linux-x86_64-debian-clang 0.0.2 12.64 107.30 119.94 NOTE
r-devel-linux-x86_64-debian-gcc 0.0.2 8.45 80.41 88.86 OK
r-devel-linux-x86_64-fedora-clang 0.0.2 151.30 OK
r-devel-linux-x86_64-fedora-gcc 0.0.2 135.89 OK
r-devel-windows-x86_64 0.0.2 11.00 87.00 98.00 OK
r-patched-linux-x86_64 0.0.2 11.43 103.66 115.09 OK
r-release-linux-x86_64 0.0.2 11.31 103.77 115.08 OK
r-release-macos-arm64 0.0.2 48.00 OK
r-release-macos-x86_64 0.0.2 88.00 OK
r-release-windows-x86_64 0.0.2 16.00 112.00 128.00 OK
r-oldrel-macos-arm64 0.0.2 47.00 OK
r-oldrel-windows-x86_64 0.0.2 16.00 113.00 129.00 OK

Check Details

Version: 0.0.2
Check: package dependencies
Result: NOTE Package suggested but not available for checking: ‘ggtree’ Flavor: r-devel-linux-x86_64-debian-clang