CRAN Package Check Results for Package aplot

Last updated on 2020-08-15 03:47:56 CEST.

Flavor Version Tinstall Tcheck Ttotal Status Flags
r-devel-linux-x86_64-debian-clang 0.0.5 4.00 36.93 40.93 OK
r-devel-linux-x86_64-debian-gcc 0.0.5 3.50 28.91 32.41 OK
r-devel-linux-x86_64-fedora-clang 0.0.5 57.39 OK
r-devel-linux-x86_64-fedora-gcc 0.0.5 48.93 OK
r-devel-windows-ix86+x86_64 0.0.5 22.00 46.00 68.00 OK
r-patched-linux-x86_64 0.0.5 3.67 36.36 40.03 OK
r-patched-solaris-x86 0.0.5 72.70 OK
r-release-linux-x86_64 0.0.5 4.35 36.11 40.46 OK
r-release-macos-x86_64 0.0.5 ERROR
r-release-windows-ix86+x86_64 0.0.5 17.00 49.00 66.00 OK
r-oldrel-macos-x86_64 0.0.5 ERROR
r-oldrel-windows-ix86+x86_64 0.0.5 10.00 50.00 60.00 OK

Check Details

Version: 0.0.5
Check: package dependencies
Result: NOTE
    Package suggested but not available for checking: ‘ggtree’
Flavor: r-release-macos-x86_64

Version: 0.0.5
Check: examples
Result: ERROR
    Running examples in ‘aplot-Ex.R’ failed
    The error most likely occurred in:
    
    > ### Name: insert_left
    > ### Title: plot-insertion
    > ### Aliases: insert_left insert_right insert_top insert_bottom
    >
    > ### ** Examples
    >
    > library(ggplot2)
    > library(aplot)
    >
    > p <- ggplot(mtcars, aes(mpg, disp)) + geom_point()
    > p2 <- ggplot(mtcars, aes(mpg)) +
    + geom_density(fill='steelblue', alpha=.5) +
    + ggtree::theme_dendrogram()
    Error in loadNamespace(name) : there is no package called ‘ggtree’
    Calls: :: ... loadNamespace -> withRestarts -> withOneRestart -> doWithOneRestart
    Execution halted
Flavor: r-release-macos-x86_64

Version: 0.0.5
Check: examples
Result: ERROR
    Running examples in ‘aplot-Ex.R’ failed
    The error most likely occurred in:
    
    > ### Name: insert_left
    > ### Title: plot-insertion
    > ### Aliases: insert_left insert_right insert_top insert_bottom
    >
    > ### ** Examples
    >
    > library(ggplot2)
    > library(aplot)
    >
    > p <- ggplot(mtcars, aes(mpg, disp)) + geom_point()
    > p2 <- ggplot(mtcars, aes(mpg)) +
    + geom_density(fill='steelblue', alpha=.5) +
    + ggtree::theme_dendrogram()
    Error: 'theme_dendrogram' is not an exported object from 'namespace:ggtree'
    Execution halted
Flavor: r-oldrel-macos-x86_64