CRAN Package Check Results for Package aplot

Last updated on 2024-03-04 16:48:49 CET.

Flavor Version Tinstall Tcheck Ttotal Status Flags
r-devel-linux-x86_64-debian-clang 0.2.2 4.95 55.18 60.13 NOTE
r-devel-linux-x86_64-debian-gcc 0.2.2 4.59 42.05 46.64 OK
r-devel-linux-x86_64-fedora-clang 0.2.2 80.38 OK
r-devel-linux-x86_64-fedora-gcc 0.2.2 76.58 OK
r-devel-windows-x86_64 0.2.2 6.00 59.00 65.00 OK
r-patched-linux-x86_64 0.2.2 6.44 52.57 59.01 OK
r-release-linux-x86_64 0.2.2 5.50 52.88 58.38 OK
r-release-macos-arm64 0.2.2 30.00 OK
r-release-macos-x86_64 0.2.2 52.00 OK
r-release-windows-x86_64 0.2.2 9.00 68.00 77.00 OK
r-oldrel-macos-arm64 0.2.2 28.00 OK
r-oldrel-windows-x86_64 0.2.2 9.00 71.00 80.00 OK

Check Details

Version: 0.2.2
Check: package dependencies
Result: NOTE Package suggested but not available for checking: ‘ggtree’ Flavor: r-devel-linux-x86_64-debian-clang