CRAN Package Check Results for Package apercu

Last updated on 2024-07-19 17:54:23 CEST.

Flavor Version Tinstall Tcheck Ttotal Status Flags
r-devel-linux-x86_64-debian-clang 0.2.5 2.38 23.91 26.29 OK
r-devel-linux-x86_64-debian-gcc 0.2.5 1.78 18.25 20.03 OK
r-devel-linux-x86_64-fedora-clang 0.2.5 33.11 NOTE
r-devel-linux-x86_64-fedora-gcc 0.2.5 31.28 NOTE
r-devel-windows-x86_64 0.2.5 3.00 42.00 45.00 OK
r-patched-linux-x86_64 0.2.5 2.31 22.81 25.12 OK
r-release-linux-x86_64 0.2.5 2.07 23.05 25.12 OK
r-release-macos-arm64 0.2.5 16.00 OK
r-release-macos-x86_64 0.2.5 22.00 OK
r-release-windows-x86_64 0.2.5 3.00 41.00 44.00 OK
r-oldrel-macos-arm64 0.2.5 22.00 OK
r-oldrel-macos-x86_64 0.2.5 33.00 OK
r-oldrel-windows-x86_64 0.2.5 2.00 43.00 45.00 OK

Check Details

Version: 0.2.5
Check: dependencies in R code
Result: NOTE Namespace in Imports field not imported from: ‘pls’ All declared Imports should be used. Flavors: r-devel-linux-x86_64-fedora-clang, r-devel-linux-x86_64-fedora-gcc