Last updated on 2023-12-08 16:54:00 CET.
Flavor | Version | Tinstall | Tcheck | Ttotal | Status | Flags |
---|---|---|---|---|---|---|
r-devel-linux-x86_64-debian-clang | 0.2.4 | 1.41 | 22.70 | 24.11 | NOTE | |
r-devel-linux-x86_64-debian-gcc | 0.2.4 | 1.80 | 18.46 | 20.26 | NOTE | |
r-devel-linux-x86_64-fedora-clang | 0.2.4 | 32.96 | NOTE | |||
r-devel-linux-x86_64-fedora-gcc | 0.2.4 | 29.33 | NOTE | |||
r-devel-windows-x86_64 | 0.2.4 | 3.00 | 42.00 | 45.00 | NOTE | |
r-patched-linux-x86_64 | 0.2.4 | 2.15 | 23.43 | 25.58 | NOTE | |
r-release-linux-x86_64 | 0.2.4 | 1.87 | 22.69 | 24.56 | NOTE | |
r-release-macos-arm64 | 0.2.4 | 16.00 | NOTE | |||
r-release-macos-x86_64 | 0.2.4 | 20.00 | NOTE | |||
r-release-windows-x86_64 | 0.2.4 | 3.00 | 39.00 | 42.00 | NOTE | |
r-oldrel-macos-arm64 | 0.2.4 | 20.00 | NOTE | |||
r-oldrel-macos-x86_64 | 0.2.4 | 22.00 | NOTE | |||
r-oldrel-windows-x86_64 | 0.2.4 | 4.00 | 48.00 | 52.00 | NOTE |
Version: 0.2.4
Check: Rd \usage sections
Result: NOTE
Documented arguments not in \usage in Rd file 'apercu.Rd':
‘c’
Functions with \usage entries need to have the appropriate \alias
entries, and all their arguments documented.
The \usage entries must correspond to syntactically valid R code.
See chapter ‘Writing R documentation files’ in the ‘Writing R
Extensions’ manual.
Flavors: r-devel-linux-x86_64-debian-clang, r-devel-linux-x86_64-debian-gcc, r-devel-linux-x86_64-fedora-clang, r-devel-linux-x86_64-fedora-gcc, r-devel-windows-x86_64
Version: 0.2.4
Check: LazyData
Result: NOTE
'LazyData' is specified without a 'data' directory
Flavors: r-devel-linux-x86_64-debian-clang, r-devel-linux-x86_64-debian-gcc, r-devel-linux-x86_64-fedora-clang, r-devel-linux-x86_64-fedora-gcc, r-devel-windows-x86_64, r-patched-linux-x86_64, r-release-linux-x86_64, r-release-macos-arm64, r-release-macos-x86_64, r-release-windows-x86_64, r-oldrel-macos-arm64, r-oldrel-macos-x86_64, r-oldrel-windows-x86_64
Version: 0.2.4
Check: dependencies in R code
Result: NOTE
Namespace in Imports field not imported from: ‘pls’
All declared Imports should be used.
Flavors: r-devel-linux-x86_64-fedora-clang, r-devel-linux-x86_64-fedora-gcc, r-oldrel-macos-x86_64