CRAN Package Check Results for Package ape

Last updated on 2024-06-13 16:49:00 CEST.

Flavor Version Tinstall Tcheck Ttotal Status Flags
r-devel-linux-x86_64-debian-clang 5.8 75.16 301.63 376.79 OK
r-devel-linux-x86_64-debian-gcc 5.8 54.32 183.00 237.32 ERROR
r-devel-linux-x86_64-fedora-clang 5.8 465.58 OK
r-devel-linux-x86_64-fedora-gcc 5.8 453.81 OK
r-devel-windows-x86_64 5.8 69.00 308.00 377.00 OK
r-patched-linux-x86_64 5.8 76.93 286.23 363.16 OK
r-release-linux-x86_64 5.8 67.87 284.77 352.64 OK
r-release-macos-arm64 5.8 130.00 NOTE
r-release-macos-x86_64 5.8 276.00 NOTE
r-release-windows-x86_64 5.8 72.00 312.00 384.00 OK
r-oldrel-macos-arm64 5.8 129.00 NOTE
r-oldrel-macos-x86_64 5.8 349.00 NOTE
r-oldrel-windows-x86_64 5.8 87.00 367.00 454.00 OK

Check Details

Version: 5.8
Check: package dependencies
Result: NOTE Packages suggested but not available for checking: 'igraph', 'phangorn' Flavor: r-devel-linux-x86_64-debian-gcc

Version: 5.8
Check: re-building of vignette outputs
Result: ERROR Error(s) in re-building vignettes: ... --- re-building ‘DrawingPhylogenies.Rnw’ using Sweave --- finished re-building ‘DrawingPhylogenies.Rnw’ --- re-building ‘MoranI.Rnw’ using Sweave --- finished re-building ‘MoranI.Rnw’ --- re-building ‘RandomTopologies.Rnw’ using Sweave Error: processing vignette 'RandomTopologies.Rnw' failed with diagnostics: chunk 10 Error in library(phangorn) : there is no package called ‘phangorn’ --- failed re-building ‘RandomTopologies.Rnw’ SUMMARY: processing the following file failed: ‘RandomTopologies.Rnw’ Error: Vignette re-building failed. Execution halted Flavor: r-devel-linux-x86_64-debian-gcc

Version: 5.8
Check: installed package size
Result: NOTE installed size is 5.9Mb sub-directories of 1Mb or more: R 2.0Mb doc 1.2Mb libs 1.6Mb Flavors: r-release-macos-arm64, r-release-macos-x86_64, r-oldrel-macos-arm64, r-oldrel-macos-x86_64