Last updated on 2023-11-28 16:48:11 CET.
Flavor | Version | Tinstall | Tcheck | Ttotal | Status | Flags |
---|---|---|---|---|---|---|
r-devel-linux-x86_64-debian-clang | 0.10.2 | 42.07 | 515.20 | 557.27 | NOTE | |
r-devel-linux-x86_64-debian-gcc | 0.10.2 | 36.11 | 378.35 | 414.46 | NOTE | |
r-devel-linux-x86_64-fedora-clang | 0.10.2 | 709.76 | NOTE | |||
r-devel-linux-x86_64-fedora-gcc | 0.10.2 | 707.33 | NOTE | |||
r-devel-windows-x86_64 | 0.10.2 | 34.00 | 346.00 | 380.00 | NOTE | |
r-patched-linux-x86_64 | 0.10.2 | 41.13 | 494.09 | 535.22 | OK | |
r-release-linux-x86_64 | 0.10.2 | 44.98 | 502.13 | 547.11 | OK | |
r-release-macos-arm64 | 0.10.2 | 208.00 | OK | |||
r-release-macos-x86_64 | 0.10.2 | 322.00 | OK | |||
r-release-windows-x86_64 | 0.10.2 | 50.00 | 451.00 | 501.00 | OK | |
r-oldrel-macos-arm64 | 0.10.2 | 163.00 | OK | |||
r-oldrel-macos-x86_64 | 0.10.2 | 239.00 | OK | |||
r-oldrel-windows-x86_64 | 0.10.2 | 51.00 | 453.00 | 504.00 | OK |
Version: 0.10.2
Check: Rd \usage sections
Result: NOTE
Documented arguments not in \usage in Rd file 'crawl_interpolation.Rd':
‘pt.colors’
Functions with \usage entries need to have the appropriate \alias
entries, and all their arguments documented.
The \usage entries must correspond to syntactically valid R code.
See chapter ‘Writing R documentation files’ in the ‘Writing R
Extensions’ manual.
Flavors: r-devel-linux-x86_64-debian-clang, r-devel-linux-x86_64-debian-gcc, r-devel-linux-x86_64-fedora-clang, r-devel-linux-x86_64-fedora-gcc, r-devel-windows-x86_64