Last updated on 2025-01-21 04:48:20 CET.
Flavor | Version | Tinstall | Tcheck | Ttotal | Status | Flags |
---|---|---|---|---|---|---|
r-devel-linux-x86_64-debian-clang | 0.3.9.4 | 3.78 | 37.51 | 41.29 | NOTE | |
r-devel-linux-x86_64-debian-gcc | 0.3.9.4 | 3.12 | 29.48 | 32.60 | NOTE | |
r-devel-linux-x86_64-fedora-clang | 0.3.9.4 | 73.41 | NOTE | |||
r-devel-linux-x86_64-fedora-gcc | 0.3.9.4 | 79.77 | NOTE | |||
r-devel-windows-x86_64 | 0.3.9.4 | 6.00 | 65.00 | 71.00 | NOTE | |
r-patched-linux-x86_64 | 0.3.9.4 | 4.94 | 36.24 | 41.18 | NOTE | |
r-release-linux-x86_64 | 0.3.9.4 | 4.37 | 36.52 | 40.89 | NOTE | |
r-release-macos-arm64 | 0.3.9.4 | 32.00 | NOTE | |||
r-release-macos-x86_64 | 0.3.9.4 | 45.00 | NOTE | |||
r-release-windows-x86_64 | 0.3.9.4 | 7.00 | 68.00 | 75.00 | NOTE | |
r-oldrel-macos-arm64 | 0.3.9.4 | 36.00 | OK | |||
r-oldrel-macos-x86_64 | 0.3.9.4 | 54.00 | OK | |||
r-oldrel-windows-x86_64 | 0.3.9.4 | 7.00 | 71.00 | 78.00 | OK |
Version: 0.3.9.4
Check: Rd files
Result: NOTE
checkRd: (-1) animate.Rd:625-627: Lost braces
625 | group = function(...) {
| ^
Flavors: r-devel-linux-x86_64-debian-clang, r-devel-linux-x86_64-debian-gcc, r-devel-linux-x86_64-fedora-clang, r-devel-linux-x86_64-fedora-gcc, r-devel-windows-x86_64, r-patched-linux-x86_64, r-release-linux-x86_64, r-release-macos-arm64, r-release-macos-x86_64, r-release-windows-x86_64