CRAN Package Check Results for Package animate

Last updated on 2024-04-19 05:10:37 CEST.

Flavor Version Tinstall Tcheck Ttotal Status Flags
r-devel-linux-x86_64-debian-clang 0.3.9.4 4.68 51.89 56.57 NOTE
r-devel-linux-x86_64-debian-gcc 0.3.9.4 3.82 39.76 43.58 NOTE
r-devel-linux-x86_64-fedora-clang 0.3.9.4 72.04 NOTE
r-devel-linux-x86_64-fedora-gcc 0.3.9.4 82.52 NOTE
r-prerel-macos-arm64 0.3.9.4 32.00 NOTE
r-prerel-windows-x86_64 0.3.9.4 7.00 65.00 72.00 NOTE
r-patched-linux-x86_64 0.3.9.4 5.87 49.64 55.51 NOTE
r-release-linux-x86_64 0.3.9.4 5.85 49.29 55.14 OK
r-release-macos-arm64 0.3.9.4 36.00 OK
r-release-macos-x86_64 0.3.9.4 54.00 OK
r-release-windows-x86_64 0.3.9.4 8.00 70.00 78.00 OK
r-oldrel-macos-arm64 0.3.9.4 30.00 OK
r-oldrel-windows-x86_64 0.3.9.4 8.00 75.00 83.00 OK

Check Details

Version: 0.3.9.4
Check: Rd files
Result: NOTE checkRd: (-1) animate.Rd:625-627: Lost braces 625 | group = function(...) { | ^ Flavors: r-devel-linux-x86_64-debian-clang, r-devel-linux-x86_64-debian-gcc, r-devel-linux-x86_64-fedora-clang, r-devel-linux-x86_64-fedora-gcc, r-prerel-macos-arm64, r-prerel-windows-x86_64, r-patched-linux-x86_64