CRAN Package Check Results for Package animalTrack

Last updated on 2020-08-08 15:46:39 CEST.

Flavor Version Tinstall Tcheck Ttotal Status Flags
r-devel-linux-x86_64-debian-clang 1.0.0 4.85 41.14 45.99 NOTE
r-devel-linux-x86_64-debian-gcc 1.0.0 3.81 33.21 37.02 NOTE
r-devel-linux-x86_64-fedora-clang 1.0.0 66.48 NOTE
r-devel-linux-x86_64-fedora-gcc 1.0.0 54.86 NOTE
r-devel-windows-ix86+x86_64 1.0.0 14.00 77.00 91.00 NOTE
r-patched-linux-x86_64 1.0.0 4.44 41.28 45.72 NOTE
r-patched-solaris-x86 1.0.0 86.00 NOTE
r-release-linux-x86_64 1.0.0 4.71 41.56 46.27 NOTE
r-release-macos-x86_64 1.0.0 NOTE
r-release-windows-ix86+x86_64 1.0.0 17.00 68.00 85.00 NOTE
r-oldrel-macos-x86_64 1.0.0 WARN
r-oldrel-windows-ix86+x86_64 1.0.0 10.00 75.00 85.00 NOTE

Check Details

Version: 1.0.0
Check: DESCRIPTION meta-information
Result: NOTE
    Malformed Title field: should not end in a period.
Flavors: r-devel-linux-x86_64-debian-clang, r-devel-linux-x86_64-debian-gcc, r-devel-linux-x86_64-fedora-clang, r-devel-linux-x86_64-fedora-gcc, r-devel-windows-ix86+x86_64, r-patched-linux-x86_64, r-patched-solaris-x86, r-release-linux-x86_64, r-release-macos-x86_64, r-release-windows-ix86+x86_64, r-oldrel-macos-x86_64, r-oldrel-windows-ix86+x86_64

Version: 1.0.0
Check: whether package can be installed
Result: WARN
    Found the following significant warnings:
     Warning: 'rgl_init' failed, running with rgl.useNULL = TRUE
Flavor: r-oldrel-macos-x86_64