CRAN Package Check Results for Package analogsea

Last updated on 2024-02-26 16:56:17 CET.

Flavor Version Tinstall Tcheck Ttotal Status Flags
r-devel-linux-x86_64-debian-clang 1.0.7.2 6.02 46.85 52.87 NOTE
r-devel-linux-x86_64-debian-gcc 1.0.7.2 4.42 37.11 41.53 OK
r-devel-linux-x86_64-fedora-clang 1.0.7.2 69.32 OK
r-devel-linux-x86_64-fedora-gcc 1.0.7.2 62.59 OK
r-devel-windows-x86_64 1.0.7.2 6.00 72.00 78.00 OK
r-patched-linux-x86_64 1.0.7.2 8.43 46.83 55.26 OK
r-release-linux-x86_64 1.0.7.2 3.86 46.40 50.26 OK
r-release-macos-arm64 1.0.7.2 26.00 OK
r-release-macos-x86_64 1.0.7.2 44.00 OK
r-release-windows-x86_64 1.0.7.2 8.00 78.00 86.00 OK
r-oldrel-macos-arm64 1.0.7.2 26.00 OK
r-oldrel-windows-x86_64 1.0.7.2 7.00 69.00 76.00 OK

Check Details

Version: 1.0.7.2
Check: package dependencies
Result: NOTE Package suggested but not available for checking: ‘arrow’ Flavor: r-devel-linux-x86_64-debian-clang