Last updated on 2023-12-01 16:51:11 CET.
Flavor | Version | Tinstall | Tcheck | Ttotal | Status | Flags |
---|---|---|---|---|---|---|
r-devel-linux-x86_64-debian-clang | 0.2.1.0 | 22.62 | 453.09 | 475.71 | NOTE | |
r-devel-linux-x86_64-debian-gcc | 0.2.1.0 | 17.15 | 321.70 | 338.85 | NOTE | |
r-devel-linux-x86_64-fedora-clang | 0.2.1.0 | 584.53 | NOTE | |||
r-devel-linux-x86_64-fedora-gcc | 0.2.1.0 | 602.77 | NOTE | |||
r-devel-windows-x86_64 | 0.2.1.0 | 21.00 | 360.00 | 381.00 | NOTE | |
r-patched-linux-x86_64 | 0.2.1.0 | 21.70 | 428.12 | 449.82 | OK | |
r-release-linux-x86_64 | 0.2.1.0 | 20.89 | 429.56 | 450.45 | OK | |
r-release-macos-arm64 | 0.2.1.0 | 173.00 | OK | |||
r-release-macos-x86_64 | 0.2.1.0 | 9.00 | ERROR | |||
r-release-windows-x86_64 | 0.2.1.0 | 26.00 | 460.00 | 486.00 | OK | |
r-oldrel-macos-arm64 | 0.2.1.0 | 139.00 | OK | |||
r-oldrel-macos-x86_64 | 0.2.1.0 | 192.00 | OK | |||
r-oldrel-windows-x86_64 | 0.2.1.0 | 27.00 | 420.00 | 447.00 | OK |
Version: 0.2.1.0
Check: Rd files
Result: NOTE
checkRd: (-1) diff.Rd:14: Lost braces
14 | \item{x}{A track_xy{t}.}
| ^
checkRd: (-1) nsd.Rd:22: Lost braces
22 | \item{x}{A track_xy{t}.}
| ^
Flavors: r-devel-linux-x86_64-debian-clang, r-devel-linux-x86_64-debian-gcc
Version: 0.2.1.0
Check: Rd \usage sections
Result: NOTE
Documented arguments not in \usage in Rd file 'check_factors.Rd':
‘object’
Functions with \usage entries need to have the appropriate \alias
entries, and all their arguments documented.
The \usage entries must correspond to syntactically valid R code.
See chapter ‘Writing R documentation files’ in the ‘Writing R
Extensions’ manual.
Flavors: r-devel-linux-x86_64-debian-clang, r-devel-linux-x86_64-debian-gcc, r-devel-linux-x86_64-fedora-clang, r-devel-linux-x86_64-fedora-gcc, r-devel-windows-x86_64
Version: 0.2.1.0
Check: package dependencies
Result: ERROR
Package required but not available: ‘ctmm’
See section ‘The DESCRIPTION file’ in the ‘Writing R Extensions’
manual.
Flavor: r-release-macos-x86_64