CRAN Package Check Results for Package aml

Last updated on 2020-06-06 03:48:20 CEST.

Flavor Version Tinstall Tcheck Ttotal Status Flags
r-devel-linux-x86_64-debian-clang 0.1-1 2.46 45.12 47.58 NOTE
r-devel-linux-x86_64-debian-gcc 0.1-1 1.82 34.96 36.78 NOTE
r-devel-linux-x86_64-fedora-clang 0.1-1 64.67 NOTE
r-devel-linux-x86_64-fedora-gcc 0.1-1 55.23 NOTE
r-devel-windows-ix86+x86_64 0.1-1 11.00 60.00 71.00 NOTE
r-patched-linux-x86_64 0.1-1 2.30 43.91 46.21 NOTE
r-patched-solaris-x86 0.1-1 95.40 NOTE
r-release-linux-x86_64 0.1-1 2.50 43.98 46.48 NOTE
r-release-osx-x86_64 0.1-1 NOTE
r-release-windows-ix86+x86_64 0.1-1 5.00 71.00 76.00 NOTE
r-oldrel-osx-x86_64 0.1-1 NOTE
r-oldrel-windows-ix86+x86_64 0.1-1 8.00 52.00 60.00 NOTE

Check Details

Version: 0.1-1
Check: R code for possible problems
Result: NOTE
    amltest: no visible global function definition for 'var'
    amltest: no visible global function definition for 'optim'
    amltest: no visible global function definition for 'lm'
    cleanclust: no visible global function definition for 'cor'
    cleanclust: no visible global function definition for 'hclust'
    cleanclust: no visible global function definition for 'as.dist'
    cleanclust: no visible global function definition for 'cutree'
    Undefined global functions or variables:
     as.dist cor cutree hclust lm optim var
    Consider adding
     importFrom("stats", "as.dist", "cor", "cutree", "hclust", "lm",
     "optim", "var")
    to your NAMESPACE file.
Flavors: r-devel-linux-x86_64-debian-clang, r-devel-linux-x86_64-debian-gcc, r-devel-linux-x86_64-fedora-clang, r-devel-linux-x86_64-fedora-gcc, r-devel-windows-ix86+x86_64, r-patched-linux-x86_64, r-patched-solaris-x86, r-release-linux-x86_64, r-release-osx-x86_64, r-release-windows-ix86+x86_64, r-oldrel-osx-x86_64, r-oldrel-windows-ix86+x86_64