CRAN Package Check Results for Package amapGeocode

Last updated on 2024-03-01 16:49:13 CET.

Flavor Version Tinstall Tcheck Ttotal Status Flags
r-devel-linux-x86_64-debian-clang 0.6.0 2.69 31.12 33.81 NOTE
r-devel-linux-x86_64-debian-gcc 0.6.0 2.13 23.85 25.98 NOTE
r-devel-linux-x86_64-fedora-clang 0.6.0 42.07 NOTE
r-devel-linux-x86_64-fedora-gcc 0.6.0 55.59 NOTE
r-devel-windows-x86_64 0.6.0 4.00 49.00 53.00 OK
r-patched-linux-x86_64 0.6.0 2.69 30.07 32.76 OK
r-release-linux-x86_64 0.6.0 2.10 29.44 31.54 OK
r-release-macos-arm64 0.6.0 25.00 OK
r-release-macos-x86_64 0.6.0 36.00 OK
r-release-windows-x86_64 0.6.0 6.00 51.00 57.00 OK
r-oldrel-macos-arm64 0.6.0 19.00 NOTE
r-oldrel-windows-x86_64 0.6.0 5.00 56.00 61.00 OK

Check Details

Version: 0.6.0
Check: Rd files
Result: NOTE checkRd: (-1) convertCoord.Rd:32: Lost braces 32 | Please check here{https://lbs.amap.com/faq/account/key/72}} | ^ checkRd: (-1) convertCoord.individual.Rd:33: Lost braces 33 | Please check here{https://lbs.amap.com/faq/account/key/72}} | ^ checkRd: (-1) getCoord.Rd:39: Lost braces 39 | Please check here{https://lbs.amap.com/faq/account/key/72}} | ^ checkRd: (-1) getCoord.individual.Rd:39: Lost braces 39 | here{https://lbs.amap.com/faq/account/key/72}} | ^ checkRd: (-1) getLocation.Rd:60: Lost braces; missing escapes or markup? 60 | {https://lbs.amap.com/faq/account/key/72}} | ^ checkRd: (-1) getLocation.individual.Rd:60: Lost braces 60 | Please check here{https://lbs.amap.com/faq/account/key/72}} | ^ Flavors: r-devel-linux-x86_64-debian-clang, r-devel-linux-x86_64-debian-gcc, r-devel-linux-x86_64-fedora-clang, r-devel-linux-x86_64-fedora-gcc

Version: 0.6.0
Check: dependencies in R code
Result: NOTE Namespace in Imports field not imported from: ‘jsonlite’ All declared Imports should be used. Flavors: r-devel-linux-x86_64-fedora-clang, r-devel-linux-x86_64-fedora-gcc, r-oldrel-macos-arm64