Last updated on 2023-12-09 04:50:44 CET.
Flavor | Version | Tinstall | Tcheck | Ttotal | Status | Flags |
---|---|---|---|---|---|---|
r-devel-linux-x86_64-debian-clang | 0.8-19 | 10.07 | 36.24 | 46.31 | OK | |
r-devel-linux-x86_64-debian-gcc | 0.8-19 | 8.25 | 28.40 | 36.65 | OK | |
r-devel-linux-x86_64-fedora-clang | 0.8-19 | 58.88 | OK | |||
r-devel-linux-x86_64-fedora-gcc | 0.8-19 | 73.65 | OK | |||
r-devel-windows-x86_64 | 0.8-19 | 14.00 | 70.00 | 84.00 | OK | |
r-patched-linux-x86_64 | 0.8-19 | 12.70 | 35.56 | 48.26 | OK | |
r-release-linux-x86_64 | 0.8-19 | 12.35 | 35.35 | 47.70 | OK | |
r-release-macos-arm64 | 0.8-19 | 30.00 | OK | |||
r-release-macos-x86_64 | 0.8-19 | 37.00 | NOTE | |||
r-release-windows-x86_64 | 0.8-19 | 17.00 | 68.00 | 85.00 | OK | |
r-oldrel-macos-arm64 | 0.8-19 | 23.00 | OK | |||
r-oldrel-macos-x86_64 | 0.8-19 | 33.00 | OK | |||
r-oldrel-windows-x86_64 | 0.8-19 | 23.00 | 81.00 | 104.00 | OK |
Version: 0.8-19
Check: package dependencies
Result: NOTE
Package suggested but not available for checking: ‘Biobase’
Flavor: r-release-macos-x86_64