Last updated on 2023-12-03 04:55:59 CET.
Flavor | Version | Tinstall | Tcheck | Ttotal | Status | Flags |
---|---|---|---|---|---|---|
r-devel-linux-x86_64-debian-clang | 1.0.6 | 11.84 | 98.72 | 110.56 | NOTE | |
r-devel-linux-x86_64-debian-gcc | 1.0.6 | 9.92 | 75.26 | 85.18 | NOTE | |
r-devel-linux-x86_64-fedora-clang | 1.0.6 | 137.57 | NOTE | |||
r-devel-linux-x86_64-fedora-gcc | 1.0.6 | 139.51 | NOTE | |||
r-devel-windows-x86_64 | 1.0.6 | 13.00 | 109.00 | 122.00 | NOTE | |
r-patched-linux-x86_64 | 1.0.6 | 11.99 | 97.07 | 109.06 | NOTE | |
r-release-linux-x86_64 | 1.0.6 | 8.68 | 95.04 | 103.72 | NOTE | |
r-release-macos-arm64 | 1.0.6 | 45.00 | NOTE | |||
r-release-macos-x86_64 | 1.0.6 | 70.00 | NOTE | |||
r-release-windows-x86_64 | 1.0.6 | 16.00 | 126.00 | 142.00 | NOTE | |
r-oldrel-macos-arm64 | 1.0.6 | 41.00 | OK | |||
r-oldrel-macos-x86_64 | 1.0.6 | 71.00 | OK | |||
r-oldrel-windows-x86_64 | 1.0.6 | 14.00 | 131.00 | 145.00 | OK |
Version: 1.0.6
Check: Rd files
Result: NOTE
checkRd: (-1) UN1.Rd:16: Escaped LaTeX specials: \$
checkRd: (-1) rateprof.Rd:64: Escaped LaTeX specials: \&
Flavors: r-devel-linux-x86_64-debian-clang, r-devel-linux-x86_64-debian-gcc, r-devel-linux-x86_64-fedora-clang, r-devel-linux-x86_64-fedora-gcc, r-devel-windows-x86_64, r-patched-linux-x86_64, r-release-linux-x86_64, r-release-macos-arm64, r-release-macos-x86_64, r-release-windows-x86_64