CRAN Package Check Results for Package alpaca

Last updated on 2023-12-07 16:49:24 CET.

Flavor Version Tinstall Tcheck Ttotal Status Flags
r-devel-linux-x86_64-debian-clang 0.3.4 57.06 48.15 105.21 NOTE
r-devel-linux-x86_64-debian-gcc 0.3.4 43.20 36.51 79.71 NOTE
r-devel-linux-x86_64-fedora-clang 0.3.4 161.07 NOTE
r-devel-linux-x86_64-fedora-gcc 0.3.4 163.88 NOTE
r-devel-windows-x86_64 0.3.4 48.00 80.00 128.00 NOTE
r-patched-linux-x86_64 0.3.4 50.34 47.01 97.35 NOTE
r-release-linux-x86_64 0.3.4 47.95 45.93 93.88 NOTE
r-release-macos-arm64 0.3.4 49.00 NOTE
r-release-macos-x86_64 0.3.4 76.00 NOTE
r-release-windows-x86_64 0.3.4 67.00 88.00 155.00 NOTE
r-oldrel-macos-arm64 0.3.4 40.00 OK
r-oldrel-macos-x86_64 0.3.4 53.00 OK
r-oldrel-windows-x86_64 0.3.4 59.00 84.00 143.00 OK

Check Details

Version: 0.3.4
Check: C++ specification
Result: NOTE Specified C++11: please drop specification unless essential Flavors: r-devel-linux-x86_64-debian-clang, r-devel-linux-x86_64-debian-gcc, r-devel-linux-x86_64-fedora-clang, r-devel-linux-x86_64-fedora-gcc, r-devel-windows-x86_64, r-patched-linux-x86_64, r-release-linux-x86_64, r-release-macos-arm64, r-release-macos-x86_64, r-release-windows-x86_64