CRAN Package Check Results for Package akc

Last updated on 2024-02-26 04:49:20 CET.

Flavor Version Tinstall Tcheck Ttotal Status Flags
r-devel-linux-x86_64-debian-clang 0.9.9 16.32 210.37 226.69 OK
r-devel-linux-x86_64-debian-gcc 0.9.9 13.05 151.92 164.97 OK
r-devel-linux-x86_64-fedora-clang 0.9.9 269.22 NOTE
r-devel-linux-x86_64-fedora-gcc 0.9.9 273.18 OK
r-devel-windows-x86_64 0.9.9 15.00 160.00 175.00 OK
r-patched-linux-x86_64 0.9.9 23.86 192.98 216.84 OK
r-release-linux-x86_64 0.9.9 14.16 197.88 212.04 OK
r-release-macos-arm64 0.9.9 89.00 OK
r-release-macos-x86_64 0.9.9 141.00 OK
r-release-windows-x86_64 0.9.9 20.00 197.00 217.00 OK
r-oldrel-macos-arm64 0.9.9 83.00 OK
r-oldrel-windows-x86_64 0.9.9 20.00 211.00 231.00 OK

Check Details

Version: 0.9.9
Check: Rd cross-references
Result: NOTE Undeclared package ‘SnowballC’ in Rd xrefs Flavor: r-devel-linux-x86_64-fedora-clang