CRAN Package Check Results for Package aire.zmvm

Last updated on 2020-06-04 03:49:10 CEST.

Flavor Version Tinstall Tcheck Ttotal Status Flags
r-devel-linux-x86_64-debian-clang 0.8.2 7.95 62.62 70.57 OK
r-devel-linux-x86_64-debian-gcc 0.8.2 6.74 47.40 54.14 OK
r-devel-linux-x86_64-fedora-clang 0.8.2 94.92 NOTE
r-devel-linux-x86_64-fedora-gcc 0.8.2 84.05 NOTE
r-devel-windows-ix86+x86_64 0.8.2 29.00 87.00 116.00 OK
r-patched-linux-x86_64 0.8.2 8.14 61.68 69.82 OK
r-patched-solaris-x86 0.8.2 120.90 NOTE
r-release-linux-x86_64 0.8.2 8.03 61.12 69.15 OK
r-release-osx-x86_64 0.8.2 NOTE
r-release-windows-ix86+x86_64 0.8.2 18.00 72.00 90.00 OK
r-oldrel-osx-x86_64 0.8.2 NOTE
r-oldrel-windows-ix86+x86_64 0.8.2 25.00 103.00 128.00 OK

Check Details

Version: 0.8.2
Check: data for non-ASCII characters
Result: NOTE
     Note: found 53 marked UTF-8 strings
Flavors: r-devel-linux-x86_64-fedora-clang, r-devel-linux-x86_64-fedora-gcc, r-patched-solaris-x86, r-release-osx-x86_64, r-oldrel-osx-x86_64

Version: 0.8.2
Check: package dependencies
Result: NOTE
    Package suggested but not available for checking: ‘testthat’
Flavor: r-release-osx-x86_64

Version: 0.8.2
Check: package dependencies
Result: NOTE
    Package suggested but not available for checking: ‘ggseas’
Flavor: r-oldrel-osx-x86_64