Last updated on 2023-12-09 04:50:44 CET.
Flavor | Version | Tinstall | Tcheck | Ttotal | Status | Flags |
---|---|---|---|---|---|---|
r-devel-linux-x86_64-debian-clang | 1.1.0 | 12.68 | 112.71 | 125.39 | NOTE | |
r-devel-linux-x86_64-debian-gcc | 1.1.0 | 9.36 | 80.76 | 90.12 | NOTE | |
r-devel-linux-x86_64-fedora-clang | 1.1.0 | 151.16 | NOTE | |||
r-devel-linux-x86_64-fedora-gcc | 1.1.0 | 153.33 | NOTE | |||
r-devel-windows-x86_64 | 1.1.0 | 12.00 | 93.00 | 105.00 | NOTE | |
r-patched-linux-x86_64 | 1.1.0 | 12.02 | 103.35 | 115.37 | NOTE | |
r-release-linux-x86_64 | 1.1.0 | 10.88 | 101.97 | 112.85 | NOTE | |
r-release-macos-arm64 | 1.1.0 | 49.00 | NOTE | |||
r-release-macos-x86_64 | 1.1.0 | 76.00 | NOTE | |||
r-release-windows-x86_64 | 1.1.0 | 16.00 | 114.00 | 130.00 | NOTE | |
r-oldrel-macos-arm64 | 1.1.0 | 30.00 | NOTE | |||
r-oldrel-macos-x86_64 | 1.1.0 | 59.00 | NOTE | |||
r-oldrel-windows-x86_64 | 1.1.0 | 16.00 | 119.00 | 135.00 | NOTE |
Version: 1.1.0
Check: package dependencies
Result: NOTE
Package which this enhances but not available for checking: ‘asreml’
Flavors: r-devel-linux-x86_64-debian-clang, r-devel-linux-x86_64-debian-gcc, r-devel-linux-x86_64-fedora-clang, r-devel-linux-x86_64-fedora-gcc, r-devel-windows-x86_64, r-patched-linux-x86_64, r-release-linux-x86_64, r-release-macos-arm64, r-release-macos-x86_64, r-release-windows-x86_64, r-oldrel-macos-arm64, r-oldrel-macos-x86_64, r-oldrel-windows-x86_64