Last updated on 2023-12-08 05:01:57 CET.
Flavor | Version | Tinstall | Tcheck | Ttotal | Status | Flags |
---|---|---|---|---|---|---|
r-devel-linux-x86_64-debian-clang | 1.22 | 11.57 | 142.55 | 154.12 | NOTE | |
r-devel-linux-x86_64-debian-gcc | 1.22 | 8.43 | 105.86 | 114.29 | NOTE | |
r-devel-linux-x86_64-fedora-clang | 1.22 | 203.43 | NOTE | |||
r-devel-linux-x86_64-fedora-gcc | 1.22 | 244.46 | NOTE | |||
r-devel-windows-x86_64 | 1.22 | 17.00 | 263.00 | 280.00 | OK | |
r-patched-linux-x86_64 | 1.22 | 19.27 | 138.62 | 157.89 | NOTE | |
r-release-linux-x86_64 | 1.22 | 10.49 | 136.45 | 146.94 | NOTE | |
r-release-macos-arm64 | 1.22 | 82.00 | OK | |||
r-release-macos-x86_64 | 1.22 | 235.00 | OK | |||
r-release-windows-x86_64 | 1.22 | 25.00 | 320.00 | 345.00 | OK | |
r-oldrel-macos-arm64 | 1.22 | 106.00 | OK | |||
r-oldrel-macos-x86_64 | 1.22 | 139.00 | OK | |||
r-oldrel-windows-x86_64 | 1.22 | 24.00 | 295.00 | 319.00 | OK |
Version: 1.22
Check: package dependencies
Result: NOTE
Package suggested but not available for checking: ‘rgdal’
Flavors: r-devel-linux-x86_64-debian-clang, r-devel-linux-x86_64-debian-gcc, r-devel-linux-x86_64-fedora-clang, r-devel-linux-x86_64-fedora-gcc, r-patched-linux-x86_64, r-release-linux-x86_64
Version: 1.22
Check: Rd files
Result: NOTE
checkRd: (-1) battese.survey.Rd:42: Lost braces
42 | emph{Journal of the American Statistical Association}, 83, 28-36.
| ^
checkRd: (-1) butron.maize.Rd:49: Lost braces
49 | Butron, A and Velasco, P and Ord{\'a}s, A and Malvar, RA (2004).
| ^
Flavors: r-devel-linux-x86_64-debian-clang, r-devel-linux-x86_64-debian-gcc