CRAN Package Check Results for Package africamonitor

Last updated on 2024-02-23 16:53:11 CET.

Flavor Version Tinstall Tcheck Ttotal Status Flags
r-devel-linux-x86_64-debian-clang 0.2.4 OK
r-devel-linux-x86_64-debian-gcc 0.2.4 3.95 36.24 40.19 OK
r-devel-linux-x86_64-fedora-clang 0.2.4 66.45 NOTE
r-devel-linux-x86_64-fedora-gcc 0.2.4 64.50 NOTE
r-devel-windows-x86_64 0.2.4 5.00 62.00 67.00 OK
r-patched-linux-x86_64 0.2.4 5.51 46.18 51.69 OK
r-release-linux-x86_64 0.2.4 4.97 46.08 51.05 OK
r-release-macos-arm64 0.2.4 29.00 OK
r-release-macos-x86_64 0.2.4 68.00 OK
r-release-windows-x86_64 0.2.4 4.00 61.00 65.00 OK
r-oldrel-macos-arm64 0.2.4 28.00 OK
r-oldrel-windows-x86_64 0.2.4 6.00 66.00 72.00 OK

Check Details

Version: 0.2.4
Check: data for non-ASCII characters
Result: NOTE Note: found 11 marked UTF-8 strings Flavors: r-devel-linux-x86_64-fedora-clang, r-devel-linux-x86_64-fedora-gcc