CRAN Package Check Results for Package adpss

Last updated on 2020-10-30 15:49:10 CET.

Flavor Version Tinstall Tcheck Ttotal Status Flags
r-devel-linux-x86_64-debian-clang 0.1.1 27.93 40.09 68.02 OK
r-devel-linux-x86_64-debian-gcc 0.1.1 22.62 30.42 53.04 OK
r-devel-linux-x86_64-fedora-clang 0.1.1 100.11 OK
r-devel-linux-x86_64-fedora-gcc 0.1.1 91.87 OK
r-devel-windows-ix86+x86_64 0.1.1 67.00 105.00 172.00 OK
r-patched-linux-x86_64 0.1.1 29.10 38.83 67.93 OK
r-patched-solaris-x86 0.1.1 122.20 OK
r-release-linux-x86_64 0.1.1 29.33 39.14 68.47 OK
r-release-macos-x86_64 0.1.1 OK
r-release-windows-ix86+x86_64 0.1.1 55.00 107.00 162.00 OK
r-oldrel-macos-x86_64 0.1.1 WARN
r-oldrel-windows-ix86+x86_64 0.1.1 61.00 95.00 156.00 OK

Check Details

Version: 0.1.1
Check: re-building of vignette outputs
Result: WARN
    Error(s) in re-building vignettes:
     ...
    --- re-building ‘adpss_ex.Rmd’ using rmarkdown
    Warning in engine$weave(file, quiet = quiet, encoding = enc) :
     Pandoc (>= 1.12.3) and/or pandoc-citeproc not available. Falling back to R Markdown v1.
    Error: processing vignette 'adpss_ex.Rmd' failed with diagnostics:
    there is no package called 'stringi'
    --- failed re-building ‘adpss_ex.Rmd’
    
    SUMMARY: processing the following file failed:
     ‘adpss_ex.Rmd’
    
    Error: Vignette re-building failed.
    Execution halted
Flavor: r-oldrel-macos-x86_64