Last updated on 2023-12-09 16:49:12 CET.
Flavor | Version | Tinstall | Tcheck | Ttotal | Status | Flags |
---|---|---|---|---|---|---|
r-devel-linux-x86_64-debian-clang | 2.2 | 36.35 | 331.96 | 368.31 | OK | |
r-devel-linux-x86_64-debian-gcc | 2.2 | 29.32 | 238.67 | 267.99 | OK | |
r-devel-linux-x86_64-fedora-clang | 2.2 | 450.02 | OK | |||
r-devel-linux-x86_64-fedora-gcc | 2.2 | 448.60 | OK | |||
r-devel-windows-x86_64 | 2.2 | 33.00 | 255.00 | 288.00 | OK | |
r-patched-linux-x86_64 | 2.2 | 26.60 | 314.89 | 341.49 | OK | |
r-release-linux-x86_64 | 2.2 | 30.45 | 308.33 | 338.78 | OK | |
r-release-macos-arm64 | 2.2 | 141.00 | OK | |||
r-release-macos-x86_64 | 2.2 | 228.00 | NOTE | |||
r-release-windows-x86_64 | 2.2 | 44.00 | 318.00 | 362.00 | OK | |
r-oldrel-macos-arm64 | 2.2 | 144.00 | OK | |||
r-oldrel-macos-x86_64 | 2.2 | 167.00 | OK | |||
r-oldrel-windows-x86_64 | 2.2 | 44.00 | 325.00 | 369.00 | OK |
Version: 2.2
Check: re-building of vignette outputs
Result: NOTE
Error(s) in re-building vignettes:
--- re-building ‘adivGuide.Rnw’ using Sweave
Attaching package: ‘phylobase’
The following object is masked from ‘package:ape’:
edges
Error: processing vignette 'adivGuide.Rnw' failed with diagnostics:
Running 'texi2dvi' on 'adivGuide.tex' failed.
LaTeX errors:
! LaTeX Error: File `wasysym.sty' not found.
Type X to quit or <RETURN> to proceed,
or enter new name. (Default extension: sty)
! Emergency stop.
<read *>
l.12 \usepackage
[all]{xy}^^M
! ==> Fatal error occurred, no output PDF file produced!
--- failed re-building ‘adivGuide.Rnw’
SUMMARY: processing the following file failed:
‘adivGuide.Rnw’
Error: Vignette re-building failed.
Execution halted
Flavor: r-release-macos-x86_64