Last updated on 2025-01-14 16:49:21 CET.
Flavor | Version | Tinstall | Tcheck | Ttotal | Status | Flags |
---|---|---|---|---|---|---|
r-devel-linux-x86_64-debian-clang | 2.0.3 | 27.35 | 39.82 | 67.17 | OK | |
r-devel-linux-x86_64-debian-gcc | 2.0.3 | 21.75 | 30.97 | 52.72 | OK | |
r-devel-linux-x86_64-fedora-clang | 2.0.3 | 126.73 | OK | |||
r-devel-linux-x86_64-fedora-gcc | 2.0.3 | 149.25 | OK | |||
r-devel-windows-x86_64 | 2.0.3 | 53.00 | 81.00 | 134.00 | OK | |
r-patched-linux-x86_64 | 2.0.0 | 32.20 | 35.46 | 67.66 | OK | |
r-release-linux-x86_64 | 2.0.0 | 28.85 | 35.43 | 64.28 | OK | |
r-release-macos-arm64 | 2.0.0 | 48.00 | OK | |||
r-release-macos-x86_64 | 2.0.3 | 116.00 | OK | |||
r-release-windows-x86_64 | 2.0.3 | 65.00 | 82.00 | 147.00 | OK | |
r-oldrel-macos-arm64 | 2.0.3 | 45.00 | ERROR | |||
r-oldrel-macos-x86_64 | 2.0.3 | 111.00 | OK | |||
r-oldrel-windows-x86_64 | 2.0.3 | 62.00 | 95.00 | 157.00 | OK |
Version: 2.0.3
Check: whether package can be installed
Result: ERROR
Installation failed.
Flavor: r-oldrel-macos-arm64