CRAN Package Check Results for Package adegraphics

Last updated on 2024-02-26 04:49:20 CET.

Flavor Version Tinstall Tcheck Ttotal Status Flags
r-devel-linux-x86_64-debian-clang 1.0-21 32.11 382.42 414.53 OK
r-devel-linux-x86_64-debian-gcc 1.0-21 26.22 284.60 310.82 OK
r-devel-linux-x86_64-fedora-clang 1.0-21 499.15 OK
r-devel-linux-x86_64-fedora-gcc 1.0-21 520.29 OK
r-devel-windows-x86_64 1.0-21 29.00 299.00 328.00 OK
r-patched-linux-x86_64 1.0-21 40.30 372.36 412.66 OK
r-release-linux-x86_64 1.0-21 36.60 367.31 403.91 OK
r-release-macos-arm64 1.0-21 140.00 NOTE
r-release-macos-x86_64 1.0-21 312.00 NOTE
r-release-windows-x86_64 1.0-21 40.00 383.00 423.00 OK
r-oldrel-macos-arm64 1.0-21 138.00 NOTE
r-oldrel-windows-x86_64 1.0-21 40.00 379.00 419.00 OK

Check Details

Version: 1.0-21
Check: installed package size
Result: NOTE installed size is 5.3Mb sub-directories of 1Mb or more: R 2.0Mb doc 2.7Mb Flavors: r-release-macos-arm64, r-release-macos-x86_64, r-oldrel-macos-arm64