CRAN Package Check Results for Package addreg

Last updated on 2024-02-22 05:01:38 CET.

Flavor Version Tinstall Tcheck Ttotal Status Flags
r-devel-linux-x86_64-debian-clang 3.0 NOTE
r-devel-linux-x86_64-debian-gcc 3.0 10.23 79.32 89.55 NOTE
r-devel-linux-x86_64-fedora-clang 3.0 143.21 NOTE
r-devel-linux-x86_64-fedora-gcc 3.0 138.29 NOTE
r-devel-windows-x86_64 3.0 12.00 99.00 111.00 NOTE
r-patched-linux-x86_64 3.0 15.26 104.13 119.39 NOTE
r-release-linux-x86_64 3.0 10.92 104.40 115.32 NOTE
r-release-macos-arm64 3.0 46.00 NOTE
r-release-macos-x86_64 3.0 72.00 NOTE
r-release-windows-x86_64 3.0 14.00 113.00 127.00 NOTE
r-oldrel-macos-arm64 3.0 53.00 NOTE
r-oldrel-windows-x86_64 3.0 15.00 116.00 131.00 NOTE

Check Details

Version: 3.0
Check: LazyData
Result: NOTE 'LazyData' is specified without a 'data' directory Flavors: r-devel-linux-x86_64-debian-clang, r-devel-linux-x86_64-debian-gcc, r-devel-linux-x86_64-fedora-clang, r-devel-linux-x86_64-fedora-gcc, r-devel-windows-x86_64, r-patched-linux-x86_64, r-release-linux-x86_64, r-release-macos-arm64, r-release-macos-x86_64, r-release-windows-x86_64, r-oldrel-macos-arm64, r-oldrel-windows-x86_64