CRAN Package Check Results for Package adamethods

Last updated on 2020-08-13 15:50:52 CEST.

Flavor Version Tinstall Tcheck Ttotal Status Flags
r-devel-linux-x86_64-debian-clang 1.2.1 0.50 2.19 2.69 ERROR
r-devel-linux-x86_64-debian-gcc 1.2.1 14.11 101.28 115.39 OK
r-devel-linux-x86_64-fedora-clang 1.2.1 185.69 OK
r-devel-linux-x86_64-fedora-gcc 1.2.1 174.34 OK
r-devel-windows-ix86+x86_64 1.2.1 64.00 145.00 209.00 OK
r-patched-linux-x86_64 1.2.1 16.18 127.85 144.03 OK
r-patched-solaris-x86 1.2.1 258.50 OK
r-release-linux-x86_64 1.2.1 16.84 129.69 146.53 OK
r-release-macos-x86_64 1.2.1 OK
r-release-windows-ix86+x86_64 1.2.1 63.00 210.00 273.00 OK
r-oldrel-macos-x86_64 1.2.1 WARN
r-oldrel-windows-ix86+x86_64 1.2.1 47.00 155.00 202.00 OK

Check Details

Version: 1.2.1
Check: package dependencies
Result: ERROR
    Package required but not available: 'Anthropometry'
    
    See section 'The DESCRIPTION file' in the 'Writing R Extensions'
    manual.
Flavor: r-devel-linux-x86_64-debian-clang

Version: 1.2.1
Check: whether package can be installed
Result: WARN
    Found the following significant warnings:
     Warning: 'rgl.init' failed, running with 'rgl.useNULL = TRUE'.
Flavor: r-oldrel-macos-x86_64