CRAN Package Check Results for Package adamethods

Last updated on 2024-02-23 05:07:13 CET.

Flavor Version Tinstall Tcheck Ttotal Status Flags
r-devel-linux-x86_64-debian-clang 1.2.1 NOTE
r-devel-linux-x86_64-debian-gcc 1.2.1 12.03 89.84 101.87 NOTE
r-devel-linux-x86_64-fedora-clang 1.2.1 162.17 NOTE
r-devel-linux-x86_64-fedora-gcc 1.2.1 155.78 NOTE
r-devel-windows-x86_64 1.2.1 15.00 112.00 127.00 NOTE
r-patched-linux-x86_64 1.2.1 14.84 117.32 132.16 NOTE
r-release-linux-x86_64 1.2.1 14.34 116.93 131.27 NOTE
r-release-macos-arm64 1.2.1 47.00 NOTE
r-release-macos-x86_64 1.2.1 72.00 NOTE
r-release-windows-x86_64 1.2.1 19.00 134.00 153.00 NOTE
r-oldrel-macos-arm64 1.2.1 57.00 NOTE
r-oldrel-windows-x86_64 1.2.1 19.00 132.00 151.00 NOTE

Check Details

Version: 1.2.1
Check: LazyData
Result: NOTE 'LazyData' is specified without a 'data' directory Flavors: r-devel-linux-x86_64-debian-clang, r-devel-linux-x86_64-debian-gcc, r-devel-linux-x86_64-fedora-clang, r-devel-linux-x86_64-fedora-gcc, r-devel-windows-x86_64, r-patched-linux-x86_64, r-release-linux-x86_64, r-release-macos-arm64, r-release-macos-x86_64, r-release-windows-x86_64, r-oldrel-macos-arm64, r-oldrel-windows-x86_64