CRAN Package Check Results for Package actogrammr

Last updated on 2024-03-03 04:48:29 CET.

Flavor Version Tinstall Tcheck Ttotal Status Flags
r-devel-linux-x86_64-debian-clang 0.2.3 4.39 124.98 129.37 NOTE
r-devel-linux-x86_64-debian-gcc 0.2.3 3.76 90.47 94.23 NOTE
r-devel-linux-x86_64-fedora-clang 0.2.3 151.35 NOTE
r-devel-linux-x86_64-fedora-gcc 0.2.3 150.30 NOTE
r-devel-windows-x86_64 0.2.3 5.00 116.00 121.00 NOTE
r-patched-linux-x86_64 0.2.3 3.93 119.37 123.30 NOTE
r-release-linux-x86_64 0.2.3 3.31 119.61 122.92 NOTE
r-release-macos-arm64 0.2.3 54.00 NOTE
r-release-macos-x86_64 0.2.3 88.00 NOTE
r-release-windows-x86_64 0.2.3 7.00 127.00 134.00 NOTE
r-oldrel-macos-arm64 0.2.3 48.00 NOTE
r-oldrel-windows-x86_64 0.2.3 7.00 131.00 138.00 NOTE

Check Details

Version: 0.2.3
Check: LazyData
Result: NOTE 'LazyData' is specified without a 'data' directory Flavors: r-devel-linux-x86_64-debian-clang, r-devel-linux-x86_64-debian-gcc, r-devel-linux-x86_64-fedora-clang, r-devel-linux-x86_64-fedora-gcc, r-devel-windows-x86_64, r-patched-linux-x86_64, r-release-linux-x86_64, r-release-macos-arm64, r-release-macos-x86_64, r-release-windows-x86_64, r-oldrel-macos-arm64, r-oldrel-windows-x86_64