CRAN Package Check Results for Package activpalProcessing

Last updated on 2020-08-11 03:47:40 CEST.

Flavor Version Tinstall Tcheck Ttotal Status Flags
r-devel-linux-x86_64-debian-clang 1.0.2 10.15 47.45 57.60 OK
r-devel-linux-x86_64-debian-gcc 1.0.2 7.51 38.22 45.73 OK
r-devel-linux-x86_64-fedora-clang 1.0.2 80.13 NOTE
r-devel-linux-x86_64-fedora-gcc 1.0.2 70.21 OK
r-devel-windows-ix86+x86_64 1.0.2 19.00 86.00 105.00 NOTE
r-patched-linux-x86_64 1.0.2 8.96 47.70 56.66 OK
r-patched-solaris-x86 1.0.2 112.70 NOTE
r-release-linux-x86_64 1.0.2 9.28 48.35 57.63 OK
r-release-macos-x86_64 1.0.2 NOTE
r-release-windows-ix86+x86_64 1.0.2 18.00 67.00 85.00 NOTE
r-oldrel-macos-x86_64 1.0.2 NOTE
r-oldrel-windows-ix86+x86_64 1.0.2 13.00 85.00 98.00 NOTE

Check Details

Version: 1.0.2
Check: installed package size
Result: NOTE
     installed size is 5.6Mb
     sub-directories of 1Mb or more:
     data 5.4Mb
Flavors: r-devel-linux-x86_64-fedora-clang, r-devel-windows-ix86+x86_64, r-patched-solaris-x86, r-release-macos-x86_64, r-release-windows-ix86+x86_64, r-oldrel-macos-x86_64, r-oldrel-windows-ix86+x86_64