CRAN Package Check Results for Package abcrf

Last updated on 2020-05-25 15:48:54 CEST.

Flavor Version Tinstall Tcheck Ttotal Status Flags
r-devel-linux-x86_64-debian-clang 1.8.1 80.36 81.24 161.60 OK
r-devel-linux-x86_64-debian-gcc 1.8.1 61.10 62.11 123.21 OK
r-devel-linux-x86_64-fedora-clang 1.8.1 212.10 NOTE
r-devel-linux-x86_64-fedora-gcc 1.8.1 199.20 OK
r-devel-windows-ix86+x86_64 1.8.1 198.00 192.00 390.00 NOTE
r-patched-linux-x86_64 1.8.1 64.06 80.40 144.46 OK
r-patched-solaris-x86 1.8.1 228.50 OK
r-release-linux-x86_64 1.8.1 64.44 80.76 145.20 OK
r-release-osx-x86_64 1.8.1 NOTE
r-release-windows-ix86+x86_64 1.8.1 166.00 167.00 333.00 NOTE
r-oldrel-osx-x86_64 1.8.1 NOTE
r-oldrel-windows-ix86+x86_64 1.8.1 151.00 161.00 312.00 OK

Check Details

Version: 1.8.1
Check: installed package size
Result: NOTE
     installed size is 5.7Mb
     sub-directories of 1Mb or more:
     data 2.6Mb
     libs 2.9Mb
Flavors: r-devel-linux-x86_64-fedora-clang, r-devel-windows-ix86+x86_64, r-release-osx-x86_64, r-release-windows-ix86+x86_64, r-oldrel-osx-x86_64