Last updated on 2023-11-28 16:48:11 CET.
Flavor | Version | Tinstall | Tcheck | Ttotal | Status | Flags |
---|---|---|---|---|---|---|
r-devel-linux-x86_64-debian-clang | 0.4.0 | 545.23 | 43.90 | 589.13 | NOTE | |
r-devel-linux-x86_64-debian-gcc | 0.4.0 | 419.62 | 32.27 | 451.89 | NOTE | |
r-devel-linux-x86_64-fedora-clang | 0.4.0 | 890.01 | NOTE | |||
r-devel-linux-x86_64-fedora-gcc | 0.4.0 | 981.78 | NOTE | |||
r-devel-windows-x86_64 | 0.4.0 | 396.00 | 94.00 | 490.00 | NOTE | |
r-patched-linux-x86_64 | 0.4.0 | 534.12 | 41.13 | 575.25 | NOTE | |
r-release-linux-x86_64 | 0.4.0 | 506.41 | 40.64 | 547.05 | NOTE | |
r-release-macos-arm64 | 0.4.0 | 226.00 | NOTE | |||
r-release-macos-x86_64 | 0.4.0 | 408.00 | NOTE | |||
r-release-windows-x86_64 | 0.4.0 | 538.00 | 101.00 | 639.00 | NOTE | |
r-oldrel-macos-arm64 | 0.4.0 | 243.00 | NOTE | |||
r-oldrel-macos-x86_64 | 0.4.0 | 247.00 | NOTE | |||
r-oldrel-windows-x86_64 | 0.4.0 | 495.00 | 94.00 | 589.00 | OK |
Version: 0.4.0
Check: C++ specification
Result: NOTE
Specified C++11: please drop specification unless essential
Flavors: r-devel-linux-x86_64-debian-clang, r-devel-linux-x86_64-debian-gcc, r-devel-linux-x86_64-fedora-clang, r-devel-linux-x86_64-fedora-gcc, r-devel-windows-x86_64, r-patched-linux-x86_64, r-release-linux-x86_64, r-release-macos-arm64, r-release-macos-x86_64, r-release-windows-x86_64
Version: 0.4.0
Check: Rd files
Result: NOTE
checkRd: (-1) abclass.Rd:133: Lost braces; missing escapes or markup?
133 | \code{abclass.control()} returns an object of class {abclass.control}
| ^
checkRd: (-1) supclass.Rd:109: Lost braces; missing escapes or markup?
109 | to solve the equivalent linear programming problem via the package {Rglpk}.
| ^
checkRd: (-1) supclass.Rd:110: Lost braces; missing escapes or markup?
110 | It is recommended to use a recent version of {GLPK}.
| ^
Flavors: r-devel-linux-x86_64-debian-clang, r-devel-linux-x86_64-debian-gcc
Version: 0.4.0
Check: installed package size
Result: NOTE
installed size is 31.1Mb
sub-directories of 1Mb or more:
libs 30.7Mb
Flavors: r-release-macos-arm64, r-release-macos-x86_64, r-oldrel-macos-arm64, r-oldrel-macos-x86_64