CRAN Package Check Results for Package aTSA

Last updated on 2024-02-24 16:48:13 CET.

Flavor Version Tinstall Tcheck Ttotal Status Flags
r-devel-linux-x86_64-debian-clang 3.1.2.1 4.20 35.17 39.37 OK
r-devel-linux-x86_64-debian-gcc 3.1.2.1 3.56 26.43 29.99 OK
r-devel-linux-x86_64-fedora-clang 3.1.2.1 51.05 OK
r-devel-linux-x86_64-fedora-gcc 3.1.2.1 48.43 OK
r-devel-windows-x86_64 3.1.2 6.00 50.00 56.00 NOTE
r-patched-linux-x86_64 3.1.2 5.49 38.18 43.67 NOTE
r-release-linux-x86_64 3.1.2 4.92 38.69 43.61 NOTE
r-release-macos-arm64 3.1.2.1 23.00 OK
r-release-macos-x86_64 3.1.2.1 39.00 OK
r-release-windows-x86_64 3.1.2.1 9.00 44.00 53.00 OK
r-oldrel-macos-arm64 3.1.2.1 23.00 OK
r-oldrel-windows-x86_64 3.1.2.1 9.00 49.00 58.00 OK

Check Details

Version: 3.1.2
Check: Rd cross-references
Result: NOTE Unknown package 'snpar' in Rd xrefs Flavors: r-devel-windows-x86_64, r-patched-linux-x86_64, r-release-linux-x86_64