CRAN Package Check Results for Package aMNLFA

Last updated on 2020-08-11 03:47:41 CEST.

Flavor Version Tinstall Tcheck Ttotal Status Flags
r-devel-linux-x86_64-debian-clang 0.1 5.21 46.56 51.77 OK
r-devel-linux-x86_64-debian-gcc 0.1 4.38 35.39 39.77 OK
r-devel-linux-x86_64-fedora-clang 0.1 68.00 NOTE
r-devel-linux-x86_64-fedora-gcc 0.1 58.94 NOTE
r-devel-windows-ix86+x86_64 0.1 19.00 78.00 97.00 OK
r-patched-linux-x86_64 0.1 5.46 45.89 51.35 OK
r-patched-solaris-x86 0.1 84.50 NOTE
r-release-linux-x86_64 0.1 5.48 44.98 50.46 OK
r-release-macos-x86_64 0.1 NOTE
r-release-windows-ix86+x86_64 0.1 15.00 84.00 99.00 OK
r-oldrel-macos-x86_64 0.1 NOTE
r-oldrel-windows-ix86+x86_64 0.1 9.00 55.00 64.00 OK

Check Details

Version: 0.1
Check: dependencies in R code
Result: NOTE
    Namespaces in Imports field not imported from:
     ‘devtools’ ‘gridExtra’
     All declared Imports should be used.
Flavors: r-devel-linux-x86_64-fedora-clang, r-devel-linux-x86_64-fedora-gcc, r-patched-solaris-x86, r-release-macos-x86_64, r-oldrel-macos-x86_64