CRAN Package Check Results for Package aLFQ

Last updated on 2020-08-13 15:50:52 CEST.

Flavor Version Tinstall Tcheck Ttotal Status Flags
r-devel-linux-x86_64-debian-clang 1.3.6 0.48 2.22 2.70 ERROR
r-devel-linux-x86_64-debian-gcc 1.3.6 11.32 98.92 110.24 OK
r-devel-linux-x86_64-fedora-clang 1.3.6 180.04 OK
r-devel-linux-x86_64-fedora-gcc 1.3.6 171.07 OK
r-devel-windows-ix86+x86_64 1.3.6 52.00 125.00 177.00 OK
r-patched-linux-x86_64 1.3.6 14.70 126.67 141.37 OK
r-patched-solaris-x86 1.3.6 241.50 OK
r-release-linux-x86_64 1.3.6 12.31 127.11 139.42 OK
r-release-macos-x86_64 1.3.6 OK
r-release-windows-ix86+x86_64 1.3.6 43.00 187.00 230.00 OK
r-oldrel-macos-x86_64 1.3.6 OK
r-oldrel-windows-ix86+x86_64 1.3.6 28.00 124.00 152.00 OK

Check Details

Version: 1.3.6
Check: package dependencies
Result: ERROR
    Package required but not available: 'caret'
    
    See section 'The DESCRIPTION file' in the 'Writing R Extensions'
    manual.
Flavor: r-devel-linux-x86_64-debian-clang