Last updated on 2023-12-06 03:50:18 CET.
Flavor | Version | Tinstall | Tcheck | Ttotal | Status | Flags |
---|---|---|---|---|---|---|
r-devel-linux-x86_64-debian-clang | 2.1.2 | 142.97 | 108.07 | 251.04 | OK | |
r-devel-linux-x86_64-debian-gcc | 2.1.2 | 93.17 | 81.59 | 174.76 | OK | |
r-devel-linux-x86_64-fedora-clang | 2.1.2 | 320.15 | OK | |||
r-devel-linux-x86_64-fedora-gcc | 2.1.2 | 330.13 | OK | |||
r-devel-windows-x86_64 | 2.1.2 | 91.00 | 112.00 | 203.00 | OK | |
r-patched-linux-x86_64 | 2.1.2 | 105.76 | 103.22 | 208.98 | OK | |
r-release-linux-x86_64 | 2.1.2 | 106.61 | 103.41 | 210.02 | OK | |
r-release-macos-arm64 | 2.1.2 | 89.00 | NOTE | |||
r-release-macos-x86_64 | 2.1.2 | 143.00 | NOTE | |||
r-release-windows-x86_64 | 2.1.2 | 119.00 | 142.00 | 261.00 | OK | |
r-oldrel-macos-arm64 | 2.1.2 | 93.00 | NOTE | |||
r-oldrel-macos-x86_64 | 2.1.2 | 108.00 | NOTE | |||
r-oldrel-windows-x86_64 | 2.1.2 | 111.00 | 134.00 | 245.00 | OK |
Version: 2.1.2
Check: installed package size
Result: NOTE
installed size is 10.6Mb
sub-directories of 1Mb or more:
libs 10.3Mb
Flavors: r-release-macos-arm64, r-release-macos-x86_64, r-oldrel-macos-arm64, r-oldrel-macos-x86_64
Version: 2.1.2
Check: package dependencies
Result: NOTE
Package suggested but not available for checking: ‘partitions’
Flavor: r-release-macos-x86_64