CRAN Package Check Results for Package ZVCV

Last updated on 2020-08-07 15:49:01 CEST.

Flavor Version Tinstall Tcheck Ttotal Status Flags
r-devel-linux-x86_64-debian-clang 2.1.0 132.69 88.74 221.43 OK
r-devel-linux-x86_64-debian-gcc 2.1.0 97.23 65.66 162.89 OK
r-devel-linux-x86_64-fedora-clang 2.1.0 299.28 NOTE
r-devel-linux-x86_64-fedora-gcc 2.1.0 268.91 OK
r-devel-windows-ix86+x86_64 2.1.0 288.00 195.00 483.00 OK
r-patched-linux-x86_64 2.1.0 103.22 85.18 188.40 OK
r-patched-solaris-x86 2.1.0 283.00 OK
r-release-linux-x86_64 2.1.0 100.15 84.20 184.35 OK
r-release-macos-x86_64 2.1.0 NOTE
r-release-windows-ix86+x86_64 2.1.0 279.00 134.00 413.00 OK
r-oldrel-macos-x86_64 2.1.0 NOTE
r-oldrel-windows-ix86+x86_64 2.1.0 208.00 121.00 329.00 OK

Check Details

Version: 2.1.0
Check: installed package size
Result: NOTE
     installed size is 12.3Mb
     sub-directories of 1Mb or more:
     libs 12.0Mb
Flavors: r-devel-linux-x86_64-fedora-clang, r-release-macos-x86_64, r-oldrel-macos-x86_64