CRAN Package Check Results for Package XBRL

Last updated on 2020-10-30 15:49:32 CET.

Flavor Version Tinstall Tcheck Ttotal Status Flags
r-devel-linux-x86_64-debian-clang 0.99.18 106.90 28.44 135.34 NOTE
r-devel-linux-x86_64-debian-gcc 0.99.18 79.07 22.11 101.18 NOTE
r-devel-linux-x86_64-fedora-clang 0.99.18 208.79 NOTE
r-devel-linux-x86_64-fedora-gcc 0.99.18 174.57 NOTE
r-devel-windows-ix86+x86_64 0.99.18 255.00 85.00 340.00 NOTE
r-patched-linux-x86_64 0.99.18 97.15 27.41 124.56 NOTE
r-patched-solaris-x86 0.99.18 169.90 NOTE
r-release-linux-x86_64 0.99.18 98.83 27.14 125.97 NOTE
r-release-macos-x86_64 0.99.18 NOTE
r-release-windows-ix86+x86_64 0.99.18 203.00 86.00 289.00 NOTE
r-oldrel-macos-x86_64 0.99.18 NOTE
r-oldrel-windows-ix86+x86_64 0.99.18 214.00 83.00 297.00 NOTE

Check Details

Version: 0.99.18
Check: top-level files
Result: NOTE
    Found a 'configure.in' file: 'configure.ac' has long been preferred.
     Output from running autoreconf:
     aclocal: warning: autoconf input should be named 'configure.ac', not 'configure.in'
Flavors: r-devel-linux-x86_64-debian-clang, r-devel-linux-x86_64-debian-gcc, r-devel-linux-x86_64-fedora-clang, r-devel-linux-x86_64-fedora-gcc, r-patched-linux-x86_64, r-release-linux-x86_64

Version: 0.99.18
Check: installed package size
Result: NOTE
     installed size is 6.2Mb
     sub-directories of 1Mb or more:
     libs 6.1Mb
Flavors: r-devel-windows-ix86+x86_64, r-release-macos-x86_64, r-release-windows-ix86+x86_64, r-oldrel-windows-ix86+x86_64

Version: 0.99.18
Check: top-level files
Result: NOTE
    Found a 'configure.in' file: 'configure.ac' has long been preferred.
Flavors: r-devel-windows-ix86+x86_64, r-patched-solaris-x86, r-release-macos-x86_64, r-release-windows-ix86+x86_64, r-oldrel-macos-x86_64, r-oldrel-windows-ix86+x86_64