CRAN Package Check Results for Package WikidataR

Last updated on 2024-03-03 04:48:53 CET.

Flavor Version Tinstall Tcheck Ttotal Status Flags
r-devel-linux-x86_64-debian-clang 2.3.3 7.70 64.39 72.09 NOTE
r-devel-linux-x86_64-debian-gcc 2.3.3 5.74 49.61 55.35 NOTE
r-devel-linux-x86_64-fedora-clang 2.3.3 89.75 NOTE
r-devel-linux-x86_64-fedora-gcc 2.3.3 92.78 NOTE
r-devel-windows-x86_64 2.3.3 9.00 85.00 94.00 OK
r-patched-linux-x86_64 2.3.3 5.31 63.85 69.16 NOTE
r-release-linux-x86_64 2.3.3 5.11 63.21 68.32 NOTE
r-release-macos-arm64 2.3.3 56.00 OK
r-release-macos-x86_64 2.3.3 65.00 OK
r-release-windows-x86_64 2.3.3 10.00 96.00 106.00 OK
r-oldrel-macos-arm64 2.3.3 59.00 OK
r-oldrel-windows-x86_64 2.3.3 10.00 92.00 102.00 OK

Additional issues

donttest

Check Details

Version: 2.3.3
Check: package dependencies
Result: NOTE Package suggested but not available for checking: ‘pageviews’ Flavors: r-devel-linux-x86_64-debian-clang, r-devel-linux-x86_64-debian-gcc, r-devel-linux-x86_64-fedora-clang, r-devel-linux-x86_64-fedora-gcc, r-patched-linux-x86_64, r-release-linux-x86_64

Version: 2.3.3
Check: Rd files
Result: NOTE checkRd: (-1) get_geo_box.Rd:37-38: Lost braces in \itemize; \value handles \item{}{} directly checkRd: (-1) get_geo_box.Rd:39-40: Lost braces in \itemize; \value handles \item{}{} directly checkRd: (-1) get_geo_box.Rd:41: Lost braces in \itemize; \value handles \item{}{} directly checkRd: (-1) get_geo_box.Rd:42: Lost braces in \itemize; \value handles \item{}{} directly checkRd: (-1) get_geo_box.Rd:43-44: Lost braces in \itemize; \value handles \item{}{} directly checkRd: (-1) get_geo_entity.Rd:27-28: Lost braces in \itemize; \value handles \item{}{} directly checkRd: (-1) get_geo_entity.Rd:29-30: Lost braces in \itemize; \value handles \item{}{} directly checkRd: (-1) get_geo_entity.Rd:31: Lost braces in \itemize; \value handles \item{}{} directly checkRd: (-1) get_geo_entity.Rd:32: Lost braces in \itemize; \value handles \item{}{} directly checkRd: (-1) get_geo_entity.Rd:33-34: Lost braces in \itemize; \value handles \item{}{} directly Flavors: r-devel-linux-x86_64-debian-clang, r-devel-linux-x86_64-debian-gcc, r-devel-linux-x86_64-fedora-clang, r-devel-linux-x86_64-fedora-gcc